{"id":971,"date":"2013-07-31T21:58:14","date_gmt":"2013-07-31T19:58:14","guid":{"rendered":"http:\/\/www.vuncf.org\/?page_id=971"},"modified":"2013-08-26T12:20:17","modified_gmt":"2013-08-26T10:20:17","slug":"le-mandat-reconductible-empeche-la-democratie","status":"publish","type":"page","link":"https:\/\/www.vuncf.org\/?page_id=971","title":{"rendered":"Le Mandat emp\u00eache la d\u00e9mocratie"},"content":{"rendered":"<h2>1 &#8211; Les repr\u00e9sentants sont plus pr\u00e9occup\u00e9s de se faire r\u00e9\u00e9lire que de nous satisfaire<\/h2>\n<h2>2 &#8211; Les repr\u00e9sentants peuvent se pr\u00e9senter autant de fois qu&rsquo;ils veulent. La r\u00e9\u00e9lection est leur premi\u00e8re pr\u00e9occupation.<\/h2>\n<p>Les repr\u00e9sentants ne sont tenus \u00e0 rien une fois \u00e9lus. Les \u00e9lecteurs ne peuvent les emp\u00eacher.<\/p>\n<p>L&rsquo;argent \u00e9tant un facteur d\u00e9cisif dans une \u00e9lection, et la fid\u00e9lit\u00e9 aux fournisseurs d&rsquo;argent incontournable, rien ne pousse \u00e0 soutenir les \u00e9lecteurs, hormis les flatteries les plus simples au dernier moment du vote.<\/p>\n<h2>3 &#8211; La m\u00e9canique m\u00eame de l&rsquo;\u00e9lection est garante de la trahison de nos repr\u00e9sentants<\/h2>\n<p>Un d\u00e9put\u00e9 qui s&rsquo;annonce peut s&rsquo;appuyer sur un faible nombre de certitudes :<\/p>\n<ol>\n<li>L&rsquo;argent est un param\u00e8tre bien plus important qu&rsquo;un quelconque projet.<\/li>\n<li>Les propri\u00e9taires de m\u00e9dias d\u00e9tiennent le r\u00e9sultat de l&rsquo;\u00e9lection \u00e0 l&rsquo;avance : la courbe de popularit\u00e9 d&rsquo;un homme politique augmente m\u00e9caniquement avec le nombre de ses passages t\u00e9l\u00e9.<\/li>\n<li>Nous choisissons nos \u00e9lus \u00ab\u00a0\u00e0 post\u00e9riori\u00a0\u00bb, en disqualifiant l&rsquo;\u00e9lu pass\u00e9 s&rsquo;il nous a d\u00e9plu pour de vrai, tout en \u00ab\u00a0esp\u00e9rant\u00a0\u00bb plus de celui que nous \u00e9lisons \u00e0 la place. Nous ne votons pas parce que nous gouvernons. Nous votons pour exprimer un \u00ab\u00a0souhait\u00a0\u00bb, un \u00ab\u00a0espoir\u00a0\u00bb qui n&rsquo;oblige surtout pas nos repr\u00e9sentants.<\/li>\n<li>Comme un \u00e9lu devient intouchable, absolument rien, si ce n&rsquo;est l&rsquo;envie d&rsquo;\u00eatre r\u00e9\u00e9lu, ne lui sugg\u00e8re de satisfaire ses \u00e9lecteurs.<\/li>\n<li>En revanche les puissants ont beaucoup d&rsquo;argent \u00e0 lui donner pour \u00eatre complaisant avec leurs int\u00e9r\u00eats.<\/li>\n<li>Les \u00e9lecteurs ont une m\u00e9moire de poisson rouge.<\/li>\n<\/ol>\n<h2>4 &#8211; Cons\u00e9quences<\/h2>\n<p>Depuis plus de 200 ans, la d\u00e9mocratie repr\u00e9sentative \u00e0 consacr\u00e9 le pouvoir de l&rsquo;argent ou du capital sur la pr\u00e9tendue d\u00e9mocratie. Avec le syst\u00e8me actuel, nos repr\u00e9sentants sont nos pires ennemis, et ils pourraient probablement dire qu&rsquo;ils n&rsquo;y peuvent rien eux-m\u00eame.<\/p>\n<p>Nous \u00e9lisons encore et encore des gens programm\u00e9s par le syst\u00e8me pour nous trahir.<\/p>\n<p>Les mandats multiples (maire et d\u00e9put\u00e9 en m\u00eame temps, par ex.) ouvrent un couloir au trafic d&rsquo;influence de la capital vers la province : le ministre ou le d\u00e9put\u00e9 se fait \u00e9lire dans sa ville car on lui suppose un pouvoir suppl\u00e9mentaire. Ce qui est en soit un trafic d&rsquo;influence. Comment doivent faire ceux qui n&rsquo;ont pas de candidat ministre ou d\u00e9put\u00e9 ? L&rsquo;\u00e9galit\u00e9 est mise \u00e0 bas.<\/p>\n<h2>5 &#8211; D\u00e9mocratie verrouill\u00e9e<\/h2>\n<p>Le syst\u00e8me de la repr\u00e9sentation n&rsquo;est pas, seul, la cause de la situation.<\/p>\n<p>La d\u00e9signation du pr\u00e9sident est filtr\u00e9e par des obstacles constitutionnels : la n\u00e9cessit\u00e9 de rassembler des signatures de maires, traditionnellement et fonctionnellement r\u00e9actionnaires.<\/p>\n<p>Les s\u00e9nateurs ne sont pas \u00e9lus au suffrage universel, ce qui pose question.<\/p>\n<p>Absence de responsabilit\u00e9, car un repr\u00e9sentant ne peut \u00eatre inqui\u00e9t\u00e9 pour les actes commis durant et pour l&rsquo;exercice de son mandat. Il ne peut \u00eatre questionn\u00e9.<\/p>\n<p>Absence de responsabilit\u00e9 \u00e0 terme, puisqu\u2019il ne peut \u00eatre inqui\u00e9t\u00e9 apr\u00e8s non plus.<\/p>\n<p>La discipline de parti est plus importante encore : un homme politique doit plaire \u00e0 son chef de parti, s&rsquo;il veut avoir l&rsquo;investiture, puis se vendre de fait \u00e0 ceux qui financeront sa campagne.<\/p>\n<p>Les contre-pouvoirs sont soit inexistants, soit factices : est-il pensable qu&rsquo;une commission nomm\u00e9e par le pr\u00e9sident ou par des gens directement d\u00e9pendants de son bon plaisir, v\u00e9rifie s\u00e9v\u00e8rement les comptes, les cons\u00e9quences politiques ou la l\u00e9galit\u00e9 des moyens utilis\u00e9s du dit gouvernement ?<\/p>\n<p>Ou des repr\u00e9sentants majoritairement d\u00e9pendants du pr\u00e9sident de la r\u00e9publique pour la suite de leur carri\u00e8re ?<\/p>\n<p>Non.<\/p>\n<p>Au final, la constitution organise notre esclavage politique.<\/p>\n<p>Et enfin, la constitution Fran\u00e7aise confie aux r\u00e8glement\u00e9 s, plus pr\u00e9cis\u00e9ment au pr\u00e9sident de la r\u00e9publique, la possibilit\u00e9 de changer cela. <strong>Les citoyens ne sont pas habilit\u00e9s \u00e0 changer leur constitution.<\/strong><\/p>\n<h2>6 &#8211; Nos repr\u00e9sentants ne l\u00e2cheront jamais leurs privil\u00e8ges<\/h2>\n<p>Juridiquement, les profiteurs du syst\u00e8me d\u00e9tiennent constitutionnellement le droit d\u2019emp\u00eacher tout changement. La volont\u00e9 populaire de changer cette constitution doit passer par l&rsquo;assentiment de gens but\u00e9s.<\/p>\n<p>Une transformation n&rsquo;est envisageable que par des moyens hors constitution : effondrement d&rsquo;une partie du syst\u00e8me, incident provoquant un brusque changement de priorit\u00e9 chez nos repr\u00e9sentants.<\/p>\n<p>Donc si nous pouvons imaginer d&rsquo;autre syst\u00e8me d\u00e9mocratique, seul un rassemblement de circonstances exceptionnellement violentes financi\u00e8rement, socialement ou dans les institutions, peuvent laisser esp\u00e9rer un changement<\/p>\n<p>La seule alternative est le recours \u00e0 minima \u00e0 la d\u00e9sob\u00e9issance civile.<\/p>\n<h2>7 &#8211; Il existe des moyens simples<\/h2>\n<p>Notre futur constitution doit imposer le mandat unique et non reconductible : Pas de r\u00e9\u00e9lection, jamais. Une fois maire dans une vie, une fois d\u00e9put\u00e9 etc&#8230; Si nous gardons ces syst\u00e8mes, l&rsquo;espoir n&rsquo;est pas permis.<\/p>\n<p>Pas de mandats simultan\u00e9s.<\/p>\n<p>Protection et contr\u00f4le permanent pour les repr\u00e9sentants.<\/p>\n<p>Le train de vie d&rsquo;un repr\u00e9sentant ne doit PAS \u00eatre attractif : paye m\u00e9diocre, avantages contr\u00f4l\u00e9s par des tiers hors de leur autorit\u00e9.<\/p>\n<p>Cr\u00e9ation de contre-pouvoirs ind\u00e9pendants.<\/p>\n<p>Pourquoi confier \u00e0 d&rsquo;autre ce que nous pouvons faire nous m\u00eame.<\/p>\n<p>&nbsp;<\/p>\n","protected":false},"excerpt":{"rendered":"<p>1 &#8211; Les repr\u00e9sentants sont plus pr\u00e9occup\u00e9s de se faire r\u00e9\u00e9lire que de nous satisfaire 2 &#8211; Les repr\u00e9sentants peuvent se pr\u00e9senter autant de fois qu&rsquo;ils veulent. La r\u00e9\u00e9lection est leur premi\u00e8re pr\u00e9occupation. Les repr\u00e9sentants ne sont tenus \u00e0 rien une fois \u00e9lus. Les \u00e9lecteurs ne peuvent les emp\u00eacher. L&rsquo;argent \u00e9tant un facteur d\u00e9cisif dans [&hellip;]<\/p>\n","protected":false},"author":1,"featured_media":0,"parent":0,"menu_order":0,"comment_status":"open","ping_status":"closed","template":"","meta":{"footnotes":""},"class_list":["post-971","page","type-page","status-publish","hentry"],"_links":{"self":[{"href":"https:\/\/www.vuncf.org\/index.php?rest_route=\/wp\/v2\/pages\/971","targetHints":{"allow":["GET"]}}],"collection":[{"href":"https:\/\/www.vuncf.org\/index.php?rest_route=\/wp\/v2\/pages"}],"about":[{"href":"https:\/\/www.vuncf.org\/index.php?rest_route=\/wp\/v2\/types\/page"}],"author":[{"embeddable":true,"href":"https:\/\/www.vuncf.org\/index.php?rest_route=\/wp\/v2\/users\/1"}],"replies":[{"embeddable":true,"href":"https:\/\/www.vuncf.org\/index.php?rest_route=%2Fwp%2Fv2%2Fcomments&post=971"}],"version-history":[{"count":8,"href":"https:\/\/www.vuncf.org\/index.php?rest_route=\/wp\/v2\/pages\/971\/revisions"}],"predecessor-version":[{"id":973,"href":"https:\/\/www.vuncf.org\/index.php?rest_route=\/wp\/v2\/pages\/971\/revisions\/973"}],"wp:attachment":[{"href":"https:\/\/www.vuncf.org\/index.php?rest_route=%2Fwp%2Fv2%2Fmedia&parent=971"}],"curies":[{"name":"wp","href":"https:\/\/api.w.org\/{rel}","templated":true}]}}