{"id":91,"date":"2013-06-07T00:15:15","date_gmt":"2013-06-06T22:15:15","guid":{"rendered":"http:\/\/test.briosoft.com\/?page_id=91"},"modified":"2013-08-26T12:20:17","modified_gmt":"2013-08-26T10:20:17","slug":"cherchez-la-dette","status":"publish","type":"page","link":"https:\/\/www.vuncf.org\/?page_id=91","title":{"rendered":"Cherchez la Dette"},"content":{"rendered":"<p>Choueeeetttte ! Je ne vais pas vous parlez de la dette de la France envers des banquiers. Lisez Fr\u00e9d\u00e9ric Lordon pour vous faire les dents.<\/p>\n<p>Non, je vais vous parlez d&rsquo;une Dette, d&rsquo;une autre Dette qu&rsquo;un pays contracte au-dessus de toute constitution, d\u00e8s lors qu&rsquo;elle y a fourr\u00e9 quelque part le mot D\u00e9mocratie.<br \/>\nCette Dette, autant le dire tout de suite, ne pr\u00e9voit pas une grosse voiture ni une piscine. Pas d&rsquo;\u00e9cran plat ni Ipad non plus. \u00c7a c&rsquo;est une maladie qui n&rsquo;est pas dans le champ de cette Dette.<\/p>\n<p>C&rsquo;est beaucoup plus terre \u00e0 terre.<\/p>\n<p>Si l\u2019on ne vous paye pas un loyer ou un salaire, votre locataire ou votre employeur a une dette envers vous.<\/p>\n<p>Notre soci\u00e9t\u00e9 lib\u00e9rale avanc\u00e9e a substitu\u00e9 les droits de l&rsquo;homme aux droits du citoyen. Un citoyen est le travestissement commun de l&rsquo;\u00e9lecteur.<br \/>\nEnfin, depuis deux cents ans, chez nous, \u00e0 quelques laaarges interruptions pr\u00e8s.<\/p>\n<p>Sans d\u00e9conner : Un empereur, \u00e0 peine une d\u00e9cade apr\u00e8s avoir but\u00e9 le roi et proclam\u00e9 la r\u00e9publique, ce n\u2019est pas la classe ? Peuple mature et maitre de son destin\u00a0?<br \/>\nDonc vous avez des droits. L&rsquo;\u00e9tat (Fran\u00e7ais), c&rsquo;est \u00e0 dire la mise en \u0153uvre de notre projet de vie commun, \u00e0 nous tous les Fran\u00e7ais, en France, a pour unique fonction d&rsquo;assurer le respect de nos droits. Le gouvernement, l&rsquo;administration ne nous ont \u00e9t\u00e9 impos\u00e9s par personne venu de mars, avec des minist\u00e8res et des administrations rang\u00e9s et \u00e9tiquet\u00e9s en soute, d\u00e9barqu\u00e9s et install\u00e9s comme un cadeau ou une punition. C&rsquo;est bien des fran\u00e7ais qui ont organis\u00e9 tout \u00e7a.<\/p>\n<p>Donc, si l&rsquo;\u00e9tat venait \u00e0 faillir et laisser advenir un truc pas bien, comme perdre travail, logement et dignit\u00e9 sans avoir commis quoi que ce soit de r\u00e9pr\u00e9hensible, il aurait une dette envers vous. Une dette dans le sens o\u00f9 il a failli \u00e0 vous pr\u00e9server quand il aurait d\u00fb le faire. Mais celle-l\u00e0, je lui colle une majuscule.<br \/>\nCette Dette existe chaque fois que le syst\u00e8me politique vous prend ou vous suspend l&rsquo;usage de droits fondamentaux :<\/p>\n<ul>\n<li>Droit de ne pas mourir de froid. Allez soyons fous, 18\u00b0.<\/li>\n<li>Le droit de ne pas mourir de faim ni \u00e0 poil. On n\u2019a pas dit choucroute garnie au petit d\u00e9jeuner dans de la soie. Les lamelles de chou dans les draps de soie, c&rsquo;est plut\u00f4t limite.<\/li>\n<li>Le droit d&rsquo;agir dans sa vie \u00e0 l&rsquo;abri de toute menace, de toute contrainte autre que celles strictement n\u00e9cessaires \u00e0 l&rsquo;\u00e9panouissement du groupe.<\/li>\n<li>Le droit d&rsquo;y prendre du plaisir. Donc de ne pas souffrir du travail.<\/li>\n<li>Le droit de ne pas craindre demain comme une calamit\u00e9. A cause d&rsquo;une d\u00e9localisation, d&rsquo;un \u00e2ge honteusement sup\u00e9rieur \u00e0 45 ans ou inf\u00e9rieur \u00e0 30 ans.<\/li>\n<li>De ne pas crever comme un chien galeux dehors parce qu&rsquo;on a \u00e9t\u00e9 longtemps ch\u00f4meur stigmatis\u00e9 et donc qu\u2019on n\u2019a pas les trimestres, les points, l&rsquo;assurance vie.<\/li>\n<li>De pas avoir 10 millions de fran\u00e7ais en gal\u00e8re (ben oui, des fois un ch\u00f4meur, \u00e7a a une femme et deux gosses).<\/li>\n<\/ul>\n<p>J&rsquo;arr\u00eate, vous avez compris le pitch.<\/p>\n<p>Alors vous allez dire : Ouaiiii, mais tout \u00e7a, c&rsquo;est bien gentil, mais la mondialisation, la comp\u00e9titivit\u00e9, et Canteloup il est rigolo.<br \/>\nCertes non.<br \/>\nParce que le r\u00e9el dans les ann\u00e9es 2010, c&rsquo;est la n\u00e9gation des souhaits \u00e9num\u00e9r\u00e9s ci-dessus. Et pourquoi c&rsquo;est carr\u00e9ment aussi gerbant que \u00e7a ?<\/p>\n<p>Parce que cette Dette n&rsquo;est comptabilis\u00e9e nulle part.<br \/>\nCette Dette que la soci\u00e9t\u00e9 contracte envers sa population quand elle n&rsquo;assure plus la mission. Quitte \u00e0 faire casquer les responsables une fois identifi\u00e9s et jug\u00e9s.<\/p>\n<p>Parce qu&rsquo;aujourd&rsquo;hui le concept de Dette sociale n&rsquo;existe pas, comme le principe de pr\u00e9caution aurait sembl\u00e9 tr\u00e8s po\u00e9tique en 1880.<\/p>\n<p>On en reparlera.<\/p>\n","protected":false},"excerpt":{"rendered":"<p>Choueeeetttte ! Je ne vais pas vous parlez de la dette de la France envers des banquiers. Lisez Fr\u00e9d\u00e9ric Lordon pour vous faire les dents. Non, je vais vous parlez d&rsquo;une Dette, d&rsquo;une autre Dette qu&rsquo;un pays contracte au-dessus de toute constitution, d\u00e8s lors qu&rsquo;elle y a fourr\u00e9 quelque part le mot D\u00e9mocratie. Cette Dette, [&hellip;]<\/p>\n","protected":false},"author":1,"featured_media":0,"parent":0,"menu_order":0,"comment_status":"open","ping_status":"closed","template":"","meta":{"footnotes":""},"class_list":["post-91","page","type-page","status-publish","hentry"],"_links":{"self":[{"href":"https:\/\/www.vuncf.org\/index.php?rest_route=\/wp\/v2\/pages\/91","targetHints":{"allow":["GET"]}}],"collection":[{"href":"https:\/\/www.vuncf.org\/index.php?rest_route=\/wp\/v2\/pages"}],"about":[{"href":"https:\/\/www.vuncf.org\/index.php?rest_route=\/wp\/v2\/types\/page"}],"author":[{"embeddable":true,"href":"https:\/\/www.vuncf.org\/index.php?rest_route=\/wp\/v2\/users\/1"}],"replies":[{"embeddable":true,"href":"https:\/\/www.vuncf.org\/index.php?rest_route=%2Fwp%2Fv2%2Fcomments&post=91"}],"version-history":[{"count":12,"href":"https:\/\/www.vuncf.org\/index.php?rest_route=\/wp\/v2\/pages\/91\/revisions"}],"predecessor-version":[{"id":1404,"href":"https:\/\/www.vuncf.org\/index.php?rest_route=\/wp\/v2\/pages\/91\/revisions\/1404"}],"wp:attachment":[{"href":"https:\/\/www.vuncf.org\/index.php?rest_route=%2Fwp%2Fv2%2Fmedia&parent=91"}],"curies":[{"name":"wp","href":"https:\/\/api.w.org\/{rel}","templated":true}]}}