{"id":411,"date":"2013-07-01T13:53:54","date_gmt":"2013-07-01T11:53:54","guid":{"rendered":"http:\/\/test.briosoft.com\/?page_id=411"},"modified":"2014-11-20T17:03:06","modified_gmt":"2014-11-20T16:03:06","slug":"art-7-pouvoir-cache","status":"publish","type":"page","link":"https:\/\/www.vuncf.org\/?page_id=411","title":{"rendered":"Art 7 Pouvoir cach\u00e9"},"content":{"rendered":"<p><b>Article\u00a07\u00a0<\/b><\/p>\n<blockquote><p><b>\u00ab\u00a0<\/b>Si, dans les sept jours pr\u00e9c\u00e9dant la date limite du d\u00e9p\u00f4t des pr\u00e9sentations de candidatures, une des personnes ayant, moins de trente jours avant cette date, annonc\u00e9 publiquement sa d\u00e9cision d\u2019\u00eatre candidate d\u00e9c\u00e8de ou se trouve emp\u00each\u00e9e, le Conseil constitutionnel <strong>peut<\/strong> d\u00e9cider de reporter l\u2019\u00e9lection.\u00a0\u00bb<\/p><\/blockquote>\n<p>&nbsp;<\/p>\n<p>Comment \u00e7a \u00ab\u00a0peut\u00a0\u00bb\u00a0? En fonction de quel crit\u00e8re\u00a0? Si le candidat ne pla\u00eet pas aux pouvoir en place, on ne reporte pas, si c\u2019est un ami on reporte\u00a0?<\/p>\n<p>Le conseil constitutionnel n\u2019est pas une instance d\u00e9mocratique, c\u2019est un assemblage de copains nomm\u00e9s par les leaders du moment. Voir l\u2019article sur ce sujet.<\/p>\n<p>Le conseil constitutionnel a aussi peu de l\u00e9gitimit\u00e9 que la commission europ\u00e9enne ou la cour de Cassation. Mais voil\u00e0 qu\u2019il est dot\u00e9 d\u2019un pouvoir discr\u00e9tionnaire sans aucun contr\u00f4le, alors qu\u2019il est d\u00e9sign\u00e9 entre copains, entre amis, entre gens de biens\u2026.<\/p>\n","protected":false},"excerpt":{"rendered":"<p>Article\u00a07\u00a0 \u00ab\u00a0Si, dans les sept jours pr\u00e9c\u00e9dant la date limite du d\u00e9p\u00f4t des pr\u00e9sentations de candidatures, une des personnes ayant, moins de trente jours avant cette date, annonc\u00e9 publiquement sa d\u00e9cision d\u2019\u00eatre candidate d\u00e9c\u00e8de ou se trouve emp\u00each\u00e9e, le Conseil constitutionnel peut d\u00e9cider de reporter l\u2019\u00e9lection.\u00a0\u00bb &nbsp; Comment \u00e7a \u00ab\u00a0peut\u00a0\u00bb\u00a0? En fonction de quel crit\u00e8re\u00a0? [&hellip;]<\/p>\n","protected":false},"author":1,"featured_media":0,"parent":0,"menu_order":0,"comment_status":"open","ping_status":"closed","template":"","meta":{"footnotes":""},"class_list":["post-411","page","type-page","status-publish","hentry"],"_links":{"self":[{"href":"https:\/\/www.vuncf.org\/index.php?rest_route=\/wp\/v2\/pages\/411","targetHints":{"allow":["GET"]}}],"collection":[{"href":"https:\/\/www.vuncf.org\/index.php?rest_route=\/wp\/v2\/pages"}],"about":[{"href":"https:\/\/www.vuncf.org\/index.php?rest_route=\/wp\/v2\/types\/page"}],"author":[{"embeddable":true,"href":"https:\/\/www.vuncf.org\/index.php?rest_route=\/wp\/v2\/users\/1"}],"replies":[{"embeddable":true,"href":"https:\/\/www.vuncf.org\/index.php?rest_route=%2Fwp%2Fv2%2Fcomments&post=411"}],"version-history":[{"count":7,"href":"https:\/\/www.vuncf.org\/index.php?rest_route=\/wp\/v2\/pages\/411\/revisions"}],"predecessor-version":[{"id":2705,"href":"https:\/\/www.vuncf.org\/index.php?rest_route=\/wp\/v2\/pages\/411\/revisions\/2705"}],"wp:attachment":[{"href":"https:\/\/www.vuncf.org\/index.php?rest_route=%2Fwp%2Fv2%2Fmedia&parent=411"}],"curies":[{"name":"wp","href":"https:\/\/api.w.org\/{rel}","templated":true}]}}