{"id":340,"date":"2013-06-26T19:34:04","date_gmt":"2013-06-26T17:34:04","guid":{"rendered":"http:\/\/test.briosoft.com\/?page_id=340"},"modified":"2013-06-26T19:42:44","modified_gmt":"2013-06-26T17:42:44","slug":"or-et-argent","status":"publish","type":"page","link":"https:\/\/www.vuncf.org\/?page_id=340","title":{"rendered":"Or et Argent"},"content":{"rendered":"<p>L\u2019or et l\u2019argent, m\u00e9taux pr\u00e9cieux donc, ont \u00e9t\u00e9 choisis il y a bien longtemps pour repr\u00e9senter la monnaie.<\/p>\n<p>Cette monnaie permettait les \u00e9changes.<\/p>\n<p>Nous n&rsquo;allons pas nous limiter \u00e0 cela, mais posons provisoirement que les valeurs s&rsquo;\u00e9tablissent en comparant une marchandise ou un service \u00e0 un m\u00e9tal pr\u00e9cieux (parce que rare et vachement joli en m\u00eame temps).<\/p>\n<p>Vous me direz, pourquoi ne pas comparer avec du sable ? Est-ce que \u00e7a changerai vraiment les choses ? Eh bien non tant que la soci\u00e9t\u00e9 fonctionne. Mais n&rsquo;oubliez pas que les humains, en qu\u00eate de certitude de garder leurs biens mat\u00e9riels, chercheront \u00e0 se procurer l&rsquo;\u00e9talon lui-m\u00eame, d\u00e8s lors qu\u2019ils ne font plus confiance dans un autre moyen de paiement\u00a0: billet, reconnaissance de dette&#8230;. En effet, si je doute des billets de banque, autant avoir l&rsquo;or qu&rsquo;ils repr\u00e9sentent. J&rsquo;attendrai qu&rsquo;ils mettent au clair le trafic de fausse monnaie.<\/p>\n<p>Ce qui implique deux choses : que l\u2019\u00e9metteur des billets d\u00e9tienne quelque part la contrepartie en or. Normalement, avant 1971, quand je vais \u00e0 la banque avec un billet de 100 Francs et que je demande au caissier l&rsquo;or correspondant (Si la convertibilit\u00e9 en or est l\u00e9galement possible), ce caissier est cens\u00e9 br\u00fbler le billet que je lui ai donn\u00e9. Techniquement, il garde ce bout de papier dans une r\u00e9serve sp\u00e9ciale, et s&rsquo;en ressert pour \u00e9viter d&rsquo;en imprimer de nouveau, pour ne pas trouer la couche d&rsquo;ozone. Le vol des billets de cette r\u00e9serve, et leur utilisation frauduleuse comme moyen de paiement est rigoureusement, exactement du trafic de fausses monnaies. Mais bonjour pour les d\u00e9tecter si t&rsquo;as pas gard\u00e9 les num\u00e9ros.<\/p>\n<p>Refaites le raisonnement avec du sable ! Le sable que je ramasserai \u00e0 la plage, et qu&rsquo;ensuite j&rsquo;utiliserai pour mes \u00e9changes et &#8230; non, il devient \u00e9vident que \u00e7a ne marche pas.<\/p>\n<p>La valeur du stock doit prendre en compte que d&rsquo;autres acteurs, priv\u00e9s notamment, pourraient avoir envie de poss\u00e9der de l&rsquo;or pour tout un tas de motifs l\u00e9gitimes. Le prix pratiqu\u00e9 pour \u00e9changer l&rsquo;or lui-m\u00eame s&rsquo;exprime alors en monnaie. Ah ben fl\u00fbte alors ! D&rsquo;habitude, quand je vais m&rsquo;acheter un machin, c&rsquo;est l&rsquo;or qui \u00e9tablit la valeur du billet dont je me sers pour le payer. Mais si c&rsquo;est de l&rsquo;or que j&rsquo;ach\u00e8te, c&rsquo;est forc\u00e9ment la monnaie qui devient la r\u00e9f\u00e9rence. Prenez cinq minutes pour tenter de prouver le contraire. Il y a un petit probl\u00e8me \u00e0 ce que l\u2019or ou l\u2019argent soient \u00e0 la fois r\u00e9f\u00e9rences et marchandises, mais ne compliquons pas par plaisir.<\/p>\n<p>En revanche, on pourrait dire que la valeur de la monnaie change \u00e0 chaque fois qu&rsquo;une transaction sur l&rsquo;or a eu lieu avec un prix diff\u00e9rent de la pr\u00e9c\u00e9dente transaction, m\u00eame tr\u00e8s l\u00e9g\u00e8rement. Entre deux transactions sur l&rsquo;or \u00e0 prix diff\u00e9rent, la monnaie est \u00e9valuable fiablement. (Pour ceux qui ne suivent pas : &lsquo;\u00e9valuable&rsquo; : dont on peut conna\u00eetre la <em>valeur<\/em>)<\/p>\n<p>Influence des relations internationale sur la valeur de ta baguette pas trop cuite :<\/p>\n<p>J&rsquo;invite le CNRS \u00e0 cr\u00e9er d&rsquo;urgence une institution de recherche sur <em>la probabilit\u00e9 d&rsquo;une incidence significative sur le quotidien des fran\u00e7ais d&rsquo;une violente crise h\u00e9morro\u00efde au Kremlin<\/em>.<\/p>\n<p>Sachant que :<\/p>\n<p>1)\u00a0\u00a0\u00a0\u00a0\u00a0 La Russie d\u00e9tient un tr\u00e8s gros stock d&rsquo;or, parce que c&rsquo;est comme \u00e7a. Rouvrez des livres d&rsquo;histoire.<\/p>\n<p>2)\u00a0\u00a0\u00a0\u00a0\u00a0 Sachant que le vendeur cr\u00e9e spontan\u00e9ment un march\u00e9 d&rsquo;acheteurs d\u00e8s lors qui place son prix de vente en dessous de la valeur commune admise. Bon je vous le refait en clair : que s&rsquo;il casse les prix, il vendra !!<\/p>\n<p>3)\u00a0\u00a0\u00a0\u00a0\u00a0 Sachant que la valeur sera d&rsquo;autant plus perturb\u00e9e que la masse sera forte et encore plus si le discount est important.<\/p>\n<p>4)\u00a0\u00a0\u00a0\u00a0\u00a0 On suppose que le territoire observ\u00e9 utilise l&rsquo;or comme \u00e9talon mon\u00e9taire<\/p>\n<p>5)\u00a0\u00a0\u00a0\u00a0\u00a0 Vendre trente tonnes \u00e0 95 % du prix du march\u00e9 provoquant, diplomatiquement parlant bien s\u00fbr, l&rsquo;effet d&rsquo;un pet de fin de f\u00eate de la bi\u00e8re \u00e0 Munich \u00e0 1m et dans l&rsquo;axe<\/p>\n<p>6)\u00a0\u00a0\u00a0\u00a0\u00a0 Vendre 100 tonnes \u00e0 80 % l&rsquo;\u00e9quivalent de l&rsquo;amputation de l&rsquo;Alsace et de la Lorraine<\/p>\n<p>7)\u00a0\u00a0\u00a0\u00a0\u00a0 1000 tonnes \u00e0 50 % \u00e0 un d\u00e9barquement simultan\u00e9 4 fois sup\u00e9rieur \u00e0 l&rsquo;attaque de Pearl-Harbor.<\/p>\n<p>Ben marrez-vous, et allez voir sur Internet, en vous en tenant \u00e0 la deuxi\u00e8me moiti\u00e9 du XX si\u00e8cle, puis rassurez-vous, la France a abandonn\u00e9 l\u2019or comme r\u00e9f\u00e9rence mon\u00e9taire en 1976.<\/p>\n<p>Conclusion : d\u00e8s qu&rsquo;un pays important d\u00e9cide de larguer l&rsquo;or comme r\u00e9f\u00e9rence, tous les autres <i>doivent<\/i> le faire !<\/p>\n<p>La valeur sera finalement p\u00e9renne que si son \u00e9talon l&rsquo;est. En g\u00e9n\u00e9ral dans une &lsquo;contr\u00e9e&rsquo; civilis\u00e9, un chef, un super-ca\u00efd, ou une repr\u00e9sentation collective fixe la valeur avec autorit\u00e9. Celle-ci n&rsquo;est modifiable que par l&rsquo;influence d&rsquo;\u00e9changes avec des \u00ab\u00a0contr\u00e9es\u00a0\u00bb \u00e9trang\u00e8res, qui reposent la question de la valeur avec leur propre \u00e9talon. Les \u00e9talons doivent \u00eatre compar\u00e9s, et un accord doit survenir. Exemple : en Moldovie, l&rsquo;\u00e9talon est l&rsquo;Argent, et un grand nombre de produits ou services de r\u00e9f\u00e9rence sont cot\u00e9s avec cet \u00e9talon. Au Broutchmolistan, c&rsquo;est l&rsquo;or. Ces deux pays veulent se vendre des trucs. Les monnaies de ces deux pays ne peuvent s&rsquo;\u00e9changer que si <strong>un taux de change <\/strong>est connu, convenu, respect\u00e9. Autant il peut \u00eatre sp\u00e9cieux de comparer la valeur d&rsquo;un ouvrier Moldove et de son \u00e9quivalent Broutchmolien, autant on devrait pouvoir se mettre d&rsquo;accord en fixant un taux de change entre une quantit\u00e9 d&rsquo;or et la m\u00eame quantit\u00e9, en masse, d&rsquo;argent. Si d&rsquo;un c\u00f4t\u00e9 on dit qu&rsquo;un brouzouff Molove vaut 1,2 gr d&rsquo;argent et un Froumir Broutchmolien 0,5 gr d&rsquo;or, je pense que vous vous devriez trouver vous-m\u00eame la r\u00e8gle de trois avec 1gr Argent = 0,08 Gr D&rsquo;or.<\/p>\n<p>Donc toutes nos valeurs sont chang\u00e9es, techniquement parlant avec des cons\u00e9quences r\u00e9elles, quand l\u2019Am\u00e9rique d\u00e9croche le dollar de l&rsquo;or. D\u2019autre fiche d\u00e9taillent ce m\u00e9canisme que j\u2019ai simplifi\u00e9.<\/p>\n<p>Retenez qu\u2019en abandonnant les r\u00e9f\u00e9rences mon\u00e9taires m\u00e9talliques, et en adoptant une monnaie, le dollar, comme r\u00e9f\u00e9rence, c\u2019est la notion m\u00eame de r\u00e9f\u00e9rence qui dispara\u00eet. Les politiciens am\u00e9ricains peuvent jouer avec la valeur comme \u00e7a les arrangent\u00a0: si la raret\u00e9 de l\u2019or r\u00e9fr\u00e9nait les ambitions d\u2019imprimeur ou de frappeur de monnaie compulsif, qu\u2019en est-il maintenant\u00a0? Wall Street dicte \u00e0 la r\u00e9serve f\u00e9d\u00e9rale (qui est de fait une institution capitaliste priv\u00e9e) des ordres de cr\u00e9ation mon\u00e9taire qui lui rapportent (des int\u00e9r\u00eats depuis 1911), et qui leur permettent d\u2019assouvir leur r\u00eaves d\u2019expansion.<\/p>\n<p>Toujours z\u00e9til que les \u00ab\u00a0valeurs\u00a0\u00bb, subjectives par essence, sont devenues totalement mall\u00e9ables par celui qui le souhaite, et dont les souhaits s\u2019imposent \u00e0 tous. Tiens\u00a0! Le prix du m\u00b2 a encore augment\u00e9\u00a0! Il para\u00eet que \u00e7a vaut de l\u2019or, un 100m\u00b2 dans le 9ieme \u00e0 Paris.<\/p>\n","protected":false},"excerpt":{"rendered":"<p>L\u2019or et l\u2019argent, m\u00e9taux pr\u00e9cieux donc, ont \u00e9t\u00e9 choisis il y a bien longtemps pour repr\u00e9senter la monnaie. Cette monnaie permettait les \u00e9changes. Nous n&rsquo;allons pas nous limiter \u00e0 cela, mais posons provisoirement que les valeurs s&rsquo;\u00e9tablissent en comparant une marchandise ou un service \u00e0 un m\u00e9tal pr\u00e9cieux (parce que rare et vachement joli en [&hellip;]<\/p>\n","protected":false},"author":1,"featured_media":0,"parent":0,"menu_order":0,"comment_status":"closed","ping_status":"closed","template":"","meta":{"footnotes":""},"class_list":["post-340","page","type-page","status-publish","hentry"],"_links":{"self":[{"href":"https:\/\/www.vuncf.org\/index.php?rest_route=\/wp\/v2\/pages\/340","targetHints":{"allow":["GET"]}}],"collection":[{"href":"https:\/\/www.vuncf.org\/index.php?rest_route=\/wp\/v2\/pages"}],"about":[{"href":"https:\/\/www.vuncf.org\/index.php?rest_route=\/wp\/v2\/types\/page"}],"author":[{"embeddable":true,"href":"https:\/\/www.vuncf.org\/index.php?rest_route=\/wp\/v2\/users\/1"}],"replies":[{"embeddable":true,"href":"https:\/\/www.vuncf.org\/index.php?rest_route=%2Fwp%2Fv2%2Fcomments&post=340"}],"version-history":[{"count":4,"href":"https:\/\/www.vuncf.org\/index.php?rest_route=\/wp\/v2\/pages\/340\/revisions"}],"predecessor-version":[{"id":342,"href":"https:\/\/www.vuncf.org\/index.php?rest_route=\/wp\/v2\/pages\/340\/revisions\/342"}],"wp:attachment":[{"href":"https:\/\/www.vuncf.org\/index.php?rest_route=%2Fwp%2Fv2%2Fmedia&parent=340"}],"curies":[{"name":"wp","href":"https:\/\/api.w.org\/{rel}","templated":true}]}}