{"id":314,"date":"2013-06-16T20:07:32","date_gmt":"2013-06-16T18:07:32","guid":{"rendered":"http:\/\/test.briosoft.com\/?page_id=314"},"modified":"2013-08-17T00:08:47","modified_gmt":"2013-08-16T22:08:47","slug":"salaires-emboites","status":"publish","type":"page","link":"https:\/\/www.vuncf.org\/?page_id=314","title":{"rendered":"Salaires emboit\u00e9s"},"content":{"rendered":"<p>La notion de salaires emboit\u00e9s est essentielle pour lire la r\u00e9alit\u00e9 cach\u00e9e du discours dominant \u00e9conomique ou politique.<\/p>\n<p>C\u2019est une lecture \u00ab\u00a0en creux\u00a0\u00bb.<\/p>\n<h2>Version 1<\/h2>\n<p>Un discoureur \u00e9conomique lib\u00e9ral a pour principale mission de vous emp\u00eacher de comprendre chaque saloperie du syst\u00e8me, et plus encore de lire le syst\u00e8me dans sa globalit\u00e9.<\/p>\n<p>Cette globalit\u00e9 est tellement \u00e9go\u00efste, cruelle et injuste qu\u2019il est avant tout essentiel de perdre toute r\u00e9flexion qui pourrait s\u2019av\u00e9rer critique.<\/p>\n<p>Voil\u00e0\u00a0: Quoique vous achetiez, un service, un bien, celui-ci vaut la somme des salaires emboit\u00e9s de tous les \u00ab\u00a0gens\u00a0\u00bb qui ont contribu\u00e9 \u00e0 sa fabrication.<\/p>\n<p>Mais quand je me fais poser une nouvelle cuisine, par exemple, je sais bien que le plombier et ses employ\u00e9s ne repr\u00e9sentent pas en salaires toute la facture\u00a0: les mat\u00e9riaux et fournitures comptent beaucoup.<\/p>\n<p>OK. Prenons une de ces fournitures. Le tube de cuivre. Le tube de cuivre vaut les salaires de l\u2019usine de tubes, plus les salaires amortis des ing\u00e9nieurs qui ont con\u00e7u et fait construire la machine \u00e0 transformer des lingots en tube etc\u2026<\/p>\n<p>Int\u00e9ressons-nous au cuivre\u00a0: salaire du camionneur, part de salaires mobilis\u00e9e pour fabriquer son camion etc et, \u00e0 la fin, extraction du minerai.<\/p>\n<p>Et l\u00e0, c\u2019est gratos. Le propri\u00e9taire de la mine ne glisse pas un ch\u00e8que dans le sol pour payer la fourniture de minerai. Le paysan ne glisse pas un ch\u00e8que dans la terre apr\u00e8s la r\u00e9colte, ni quand un veau nait dans sa ferme.<\/p>\n<p>J\u2019y reviendrais, car notre syst\u00e8me de soci\u00e9t\u00e9 a donc programm\u00e9, en n\u00e9gligeant les co\u00fbts \u00e9cologiques, la mort de la branche sur laquelle il s\u2019est perch\u00e9. Comme les maladies les plus terribles, l\u2019incubation est tr\u00e8s longue. Hurler avec les \u00e9colos n\u2019a de sens qu\u2019apr\u00e8s avoir bienbien r\u00e9fl\u00e9chi aux cons\u00e9quences de ce fait. Bon.<\/p>\n<p>Tout ce que vous acqu\u00e9rez poss\u00e8de une valeur qui est la somme des salaires emboit\u00e9s correspondant. C\u2019est le prix que vous payez.<\/p>\n<p>Ah oui, mais non.<\/p>\n<h2>Version 2<\/h2>\n<p>Mon raisonnement doit fonctionner dans un monde qui comprend une grande quantit\u00e9 de non-producteurs au sens mat\u00e9riel. Une infirmi\u00e8re, un contr\u00f4leur du fisc repr\u00e9sentent une ponction volontaire sur la valeur produite, consid\u00e9rant que le paysan ne peut aller bosser et faire des r\u00e9coltes, que si et seulement si une infirmi\u00e8re et tout ce que sa formation suppose, sont int\u00e9gr\u00e9s en partie dans le co\u00fbt de la r\u00e9colte. Et m\u00eame un service pas sp\u00e9cialement fun, mais jug\u00e9 n\u00e9cessaire, comme gardien de prison peut-\u00eatre compt\u00e9.<\/p>\n<p>Il n\u2019y a aucune difficult\u00e9 \u00e0 int\u00e9grer des services comme sant\u00e9, \u00e9ducation, police, th\u00e9\u00e2tre, piscine comme on compte de l\u2019engrais.<\/p>\n<p>Mieux, mais toujours non.<\/p>\n<h2>Version 3<\/h2>\n<p>On a cas\u00e9 les producteurs de services, public ou non\u2026 mais il en manque encore.<\/p>\n<p>Exact, j\u2019ai gard\u00e9 pour la fin la craquelure, qui devient f\u00ealure puis br\u00e8che mortelle.<\/p>\n<p>Il y a une autre cat\u00e9gorie de revenus\u00a0 dans la chaine des emboitements qui sont des \u00ab\u00a0fuites\u00a0\u00bb improductives. Le mod\u00e8le des salaires emboit\u00e9s permet de situer ces fuites.<\/p>\n<p>Qu\u2019est-ce qu\u2019une fuite\u00a0? C\u2019est une d\u00e9pense quelque part dans la chaine, qui ne produit en \u00e9change aucune contribution \u00e0 la r\u00e9alisation du machin en bout de chaine.<\/p>\n<p>Le machin : une r\u00e9colte, une place de cin\u00e9ma, un contrat d\u2019assurance, une voiture, un vol en avion, une baguette de pain, tout ce que vous pouvez imaginer.<\/p>\n<p>Attention, un interm\u00e9diaire, qui peut se faire r\u00e9tribuer honteusement, comme un publicitaire, peut s\u2019ins\u00e9rer, mais ce salaire que vous jugez excessif, il l\u2019a gagn\u00e9 avec son travail. Quoique vous en pensiez, m\u00eame si vous pointez du doigt une escroquerie punissable, ce revenu n\u2019est pas une fuite. Un g\u00e2chis oui\u00a0! A rechercher et \u00e0 d\u00e9truire, certes, mais ce n\u2019est pas une fuite. Une commission d\u2019interm\u00e9diaire, s\u2019il a r\u00e9ellement \u00e9t\u00e9 interm\u00e9diaire, peut \u00eatre discut\u00e9e.<\/p>\n<p>La fuite, c\u2019est lorsque des individus arrivent \u00e0 pr\u00e9lever dans la chaine des montants significatifs sans fournir aucun service ni produit en contrepartie.<\/p>\n<p>Ce sont les int\u00e9r\u00eats pr\u00e9lev\u00e9s par les \u00e9tablissements bancaires au-del\u00e0 de <b>l\u2019inflation des salaires<\/b>, ou ceux directement pr\u00e9lev\u00e9s par les actionnaires d\u2019une soci\u00e9t\u00e9 par action.<\/p>\n<p>Or chaque salaire emboit\u00e9, et les entreprises elle-m\u00eame, sont contraint(e)s dans leur vie courante, \u00e0 avoir recours au cr\u00e9dit pour compenser le manque de liquidit\u00e9s en circulation.<\/p>\n<p>Au del\u00e0 des ph\u00e9nom\u00e8nes persuasifs qui nous font d\u00e9sirer des objets ou des services strictement inutiles, le fonctionnement normal du m\u00e9nage ou de l&rsquo;entreprise n\u00e9cessitent des liquidit\u00e9s qu&rsquo;ils n&rsquo;ont pas.<\/p>\n<p>Abonn\u00e9s en permanence au cr\u00e9dit, afin de compenser la diminution de la masse mon\u00e9taire \u00ab\u00a0active\u00a0\u00bb ou \u00ab\u00a0circulante\u00a0\u00bb, les int\u00e9r\u00eats, frais et autres commissions sont pr\u00e9lev\u00e9s sur votre compte, mais aussi sur le compte de votre boulanger, qui va bien vous compter les int\u00e9r\u00eats qu&rsquo;il paye \u00e0 sa banque.<\/p>\n<p>Tous les consommateurs en bout de chaine payent la sommes des int\u00e9r\u00eats li\u00e9s au fonctionnement de chaque acteur qu&rsquo;il sollicite directement ou indirectement. Donc de chaque salaire &#8230;. embo\u00eet\u00e9 !<\/p>\n<p>Plus directement, les SARL (et non pas EURL), SA et ses d\u00e9clinaisons, et toutes les structures comportant des actionnaires sortent de l&rsquo;argent pour des gens qui ne donnent rien en \u00e9change.<\/p>\n<h2>Conclusion<\/h2>\n<p>Il se trouve que les int\u00e9r\u00eats sont utilis\u00e9s par ceux qui ont profession d\u2019en faire, comme pactole d\u2019une entreprise <b>financi\u00e8re<\/b> suppl\u00e9mentaire. Et on recommence plus gros. Et encore\u2026Et encore.<\/p>\n<p>C\u2019est bien le commerce de l\u2019argent qui est la plaie num\u00e9ro un du syst\u00e8me capitaliste. Sous forme de rente qui peut \u00eatre dividende d&rsquo;action, ou int\u00e9r\u00eat de pr\u00eat, il donne un cadre l\u00e9gal \u00e0 un racket. Au sens \u00e9tymologique de ce mot : une facturation r\u00e9guli\u00e8re en \u00e9change de rien, sinon de menaces.<\/p>\n<p>Ayant fait de l\u2019argent une chose d\u00e9sirable en tant que telle, pour pouvoir en obtenir plus, de plus en plus vite, ET ayant r\u00e9ussi \u00e0 faire de la <i>location d\u2019argent<\/i> le passage oblig\u00e9 de tous les acteurs de l\u2019\u00e9conomie r\u00e9elle, les propri\u00e9taires de l\u2019argent nous plantent deux javelots.<\/p>\n<p>Premier javelot\u00a0: notre propre croissance nous est factur\u00e9e\u00a0: c&rsquo;est prix de la location mon\u00e9taire \u00e0 la place de la cr\u00e9ation mon\u00e9taire gratuite. En int\u00e9r\u00eats nous payons 50 milliards d&rsquo;euro par an. Sachant qu\u2019il faut obligatoirement emprunter pour payer la location elle m\u00eame, ou alors, faire payer les \u00e9lecteurs.<\/p>\n<p>Deuxi\u00e8me javelot\u00a0: Notre difficult\u00e9 \u00e0 travailler normalement <b>plus<\/b> la n\u00e9cessit\u00e9 de travailler encore pour payer la location de l\u2019argent, <b>nous contraint \u00e0 la croissance<\/b>. Retournez au premier javelot.<\/p>\n<p>Parler de la croissance du PIB permet de ne pas parler de la croissance des salaires, et de l\u2019\u00e9cart grandissant entre les deux.<\/p>\n<p>L\u2019\u00e9cart entre les deux, c\u2019est la rente. C\u2019est pour \u00e7a qu\u2019on pr\u00e9f\u00e8re ne pas vous en parler. Pas la peine de vous chauffer inutilement.<\/p>\n<p>En regardant un produit, ou un service, vous pouvez utiliser cette id\u00e9e de salaires emboit\u00e9s avec profit\u00a0: Si vous arrivez \u00e0 \u00e9valuer le co\u00fbt des salaires de premier rang, les co\u00fbts des fournisseurs, et \u00e0 conna\u00eetre le chiffre d\u2019affaire, la diff\u00e9rence repr\u00e9sente la pr\u00e9dation capitaliste.<\/p>\n<p>Un dernier truc pour vous \u00e9viter un pi\u00e8ge parmi d\u2019autre\u00a0: les soci\u00e9t\u00e9s qui veulent cacher des b\u00e9n\u00e9fices \u00e9hont\u00e9s ou tout simplement taxables s\u2019inventent des fournisseurs \u00e0 l\u2019\u00e9tranger auxquels ils doivent des frais de licence, des droits de brevets, sachant que ledit fournisseur a les m\u00eames actionnaires et est \u00e9tabli dans un paradis fiscal. Comme le montant de la licence est libre, il suffit de le calculer pour obtenir un solide \u00e9cr\u00e9mage des b\u00e9n\u00e9fices taxables. Il est commun d\u2019ins\u00e9rer une coquille vide aux Pays-Bas.<\/p>\n","protected":false},"excerpt":{"rendered":"<p>La notion de salaires emboit\u00e9s est essentielle pour lire la r\u00e9alit\u00e9 cach\u00e9e du discours dominant \u00e9conomique ou politique. C\u2019est une lecture \u00ab\u00a0en creux\u00a0\u00bb. Version 1 Un discoureur \u00e9conomique lib\u00e9ral a pour principale mission de vous emp\u00eacher de comprendre chaque saloperie du syst\u00e8me, et plus encore de lire le syst\u00e8me dans sa globalit\u00e9. Cette globalit\u00e9 est [&hellip;]<\/p>\n","protected":false},"author":1,"featured_media":0,"parent":0,"menu_order":0,"comment_status":"closed","ping_status":"closed","template":"","meta":{"footnotes":""},"class_list":["post-314","page","type-page","status-publish","hentry"],"_links":{"self":[{"href":"https:\/\/www.vuncf.org\/index.php?rest_route=\/wp\/v2\/pages\/314","targetHints":{"allow":["GET"]}}],"collection":[{"href":"https:\/\/www.vuncf.org\/index.php?rest_route=\/wp\/v2\/pages"}],"about":[{"href":"https:\/\/www.vuncf.org\/index.php?rest_route=\/wp\/v2\/types\/page"}],"author":[{"embeddable":true,"href":"https:\/\/www.vuncf.org\/index.php?rest_route=\/wp\/v2\/users\/1"}],"replies":[{"embeddable":true,"href":"https:\/\/www.vuncf.org\/index.php?rest_route=%2Fwp%2Fv2%2Fcomments&post=314"}],"version-history":[{"count":14,"href":"https:\/\/www.vuncf.org\/index.php?rest_route=\/wp\/v2\/pages\/314\/revisions"}],"predecessor-version":[{"id":316,"href":"https:\/\/www.vuncf.org\/index.php?rest_route=\/wp\/v2\/pages\/314\/revisions\/316"}],"wp:attachment":[{"href":"https:\/\/www.vuncf.org\/index.php?rest_route=%2Fwp%2Fv2%2Fmedia&parent=314"}],"curies":[{"name":"wp","href":"https:\/\/api.w.org\/{rel}","templated":true}]}}