{"id":1971,"date":"2013-10-25T16:50:03","date_gmt":"2013-10-25T14:50:03","guid":{"rendered":"http:\/\/www.vuncf.org\/?page_id=1971"},"modified":"2016-04-23T01:31:08","modified_gmt":"2016-04-22T23:31:08","slug":"on-fait-quoi-dans-lagora","status":"publish","type":"page","link":"https:\/\/www.vuncf.org\/?page_id=1971","title":{"rendered":"On fait quoi dans l&rsquo;AGORA ?"},"content":{"rendered":"<h4>L&rsquo;Agora n&rsquo;est pas en service, autant son fonctionnement interne est correct, son interface utilisateur est d\u00e9sastreuse.<\/h4>\n<p><a title=\"Manuel de l'Agora Vuncf\" href=\"https:\/\/www.vuncf.org\/vuncf-agora.pdf\">Manuel PDF de l&rsquo;Agora<\/a><\/p>\n<p>L&rsquo;Agora est un temple de d\u00e9mocratie. Elle fait soci\u00e9t\u00e9, et c&rsquo;est sa mythologie qu&rsquo;il nous faut restaurer. Le lib\u00e9ralisme nous s\u00e9pare de toute mythologie, qui, il est vrai, nuisent aux affaires.<\/p>\n<p>Les mythologies ou les rites, qui ne sont qu&rsquo;occasionnellement religieux, constituent la \u00ab\u00a0d\u00e9cence commune\u00a0\u00bb du troupeau de gens, qui d\u00e8s lors devient un corps politique. Pour une partie \u00e0 laquelle je m&rsquo;int\u00e9resse, sous ensemble du tout, j&rsquo;ose jeter mes impertinences en public.<\/p>\n<p>Il y a un moment, comme un entonnoir menant \u00e0 un tube digestif politique, les id\u00e9es en vrac, les discussions de place public, voir de bistro, peuvent faire appara\u00eetre de bonnes questions, et des r\u00e9ponses qui m\u00e9ritent d&rsquo;\u00eatre lues.<\/p>\n<p>Cette d\u00e9mocratie est un moyen. Le moyen pour tous les fran\u00e7ais, enfin en \u00e9galit\u00e9 politique, de discuter ce qui leur tient \u00e0 c\u0153ur.<\/p>\n<p>Au lieu de mendier \u00e0 nos ma\u00eetres-repr\u00e9sentants ce qu&rsquo;ils ne nous donnerons jamais. Leur d\u00e9mission, par exemple.<\/p>\n<p>Les \u00ab\u00a0organisations\u00a0\u00bb dans l&rsquo;agora sont juste un semblant de classification pour \u00e9viter le gros fouillis.<\/p>\n<p>Si vous t\u00e2tez d&rsquo;un sujet un peu complexe, que vous avez d\u00e9j\u00e0 d\u00e9velopp\u00e9 ailleurs, contentez vous de mettre un lien, en ne pla\u00e7ant qu&rsquo;une synth\u00e8se dans l&rsquo;agora. L&rsquo;esprit, l&rsquo;id\u00e9e un peu g\u00e9n\u00e9rale. Les participants iront voir le fond de votre pens\u00e9e sur votre site.<\/p>\n<h1>La suite de cette article montre l&rsquo;application de l&rsquo;Agora \u00e0 l&rsquo;autre action promue par ce site<\/h1>\n<h2>Principalement, on fabrique des fiches d&rsquo;actions<\/h2>\n<p>Une fiche prend un probl\u00e8me bien circonscrit, expose un cheminement d&rsquo;id\u00e9es <strong>simples<\/strong> pour pouvoir \u00eatre entendu par le plus grand nombre. En termes simples. Simple !<\/p>\n<p>Il s&rsquo;agit d&rsquo;actions de rue, o\u00f9 un m\u00eame sujet sera abord\u00e9 par des collectifs aussi vari\u00e9s que possible : la semaine des mandats uniques, la semaine de la mendicit\u00e9 politique, la semaine du tirage au sort, la semaine des experts totalitaires, la semaine des trait\u00e9s sc\u00e9l\u00e9rats, la semaine de la trahison des assembl\u00e9es de la cinqui\u00e8me, la semaine du vol de l&rsquo;argent par les banques (cr\u00e9ation mon\u00e9taire priv\u00e9e), la semaine des assembl\u00e9es nationales professionnelles, la semaine du r\u00e9f\u00e9rendum d&rsquo;initiative du dictateur, la semaine des biens communs privatis\u00e9s, la semaine de la justice ind\u00e9pendante, la semaine de l&rsquo;impermanence des lois.<\/p>\n<p>On n&rsquo;y d\u00e9crit pas trop pr\u00e9cis\u00e9ment les actions, qui restent \u00e0 l&rsquo;initiative des participants futurs, mais on indique le \u00ab\u00a0pitch\u00a0\u00bb. Pourquoi, comment, les \u00e9l\u00e9ments de langage. On y fait le lien avec la constitution (fran\u00e7aise et\/ou europ\u00e9enne).<\/p>\n<p>Imaginez que vous r\u00e9digez un <strong>flyer<\/strong> \u00e0 destination \u00ab\u00a0des gens normaux\u00a0\u00bb. Ceux qui croient n&rsquo;y conna\u00eetre rien, qui s&rsquo;en foutent ou qui ont le cerveau grill\u00e9 par TF1 et\/ou les partis des riches et autre syndicats &#8230;<\/p>\n<p>Un gros paquet de fiches sera filtr\u00e9 par un vote, puis un deuxi\u00e8me pour donner un ordonnancement coh\u00e9rent, p\u00e9dagogiquement parlant.<\/p>\n<h2>Secondairement, on construit le futur<\/h2>\n<p>Si vous accompagnez Vuncf pour faire advenir une d\u00e9mocratie, il est \u00e9galement essentiel de pr\u00e9parer l'\u00a0\u00bbapr\u00e8s\u00a0\u00bb. Si nous remettons en cause le syst\u00e8me actuel, c&rsquo;est pour lui en substituer un autre. Quel autre ? Pas un autre impos\u00e9 par un esprit manipulateur, mais un autre discut\u00e9, contest\u00e9 puis librement accept\u00e9.<\/p>\n<p>Ce sont les \u00ab\u00a0propositions pour demain\u00a0\u00bb. Du concret, du s\u00e9rieux, qui ne n\u00e9glige pas la d\u00e9construction des mauvaises habitudes de pens\u00e9es.<\/p>\n<p>On rappelle succinctement le pourquoi, et on d\u00e9veloppe une \u00e9pure. On pr\u00e9pare le travail de la constituante, puis de la l\u00e9gislative !<\/p>\n<p>Si vous voulez tester le syst\u00e8me, sachez que les questions hors sujet sont retir\u00e9es rapidement sans pr\u00e9avis : nous m\u00eame en cr\u00e9ons pour tester le syst\u00e8me et l&rsquo;am\u00e9liorer.<\/p>\n<p>Par exemple, la question \u00ab\u00a0Ha oui, \u00e7a c&rsquo;est dr\u00f4lement important&#8230;\u00a0\u00bb n&rsquo;est pas une question&#8230;<\/p>\n<p>&nbsp;<\/p>\n","protected":false},"excerpt":{"rendered":"<p>L&rsquo;Agora n&rsquo;est pas en service, autant son fonctionnement interne est correct, son interface utilisateur est d\u00e9sastreuse. Manuel PDF de l&rsquo;Agora L&rsquo;Agora est un temple de d\u00e9mocratie. Elle fait soci\u00e9t\u00e9, et c&rsquo;est sa mythologie qu&rsquo;il nous faut restaurer. Le lib\u00e9ralisme nous s\u00e9pare de toute mythologie, qui, il est vrai, nuisent aux affaires. Les mythologies ou les [&hellip;]<\/p>\n","protected":false},"author":1,"featured_media":0,"parent":0,"menu_order":0,"comment_status":"closed","ping_status":"closed","template":"","meta":{"footnotes":""},"class_list":["post-1971","page","type-page","status-publish","hentry"],"_links":{"self":[{"href":"https:\/\/www.vuncf.org\/index.php?rest_route=\/wp\/v2\/pages\/1971","targetHints":{"allow":["GET"]}}],"collection":[{"href":"https:\/\/www.vuncf.org\/index.php?rest_route=\/wp\/v2\/pages"}],"about":[{"href":"https:\/\/www.vuncf.org\/index.php?rest_route=\/wp\/v2\/types\/page"}],"author":[{"embeddable":true,"href":"https:\/\/www.vuncf.org\/index.php?rest_route=\/wp\/v2\/users\/1"}],"replies":[{"embeddable":true,"href":"https:\/\/www.vuncf.org\/index.php?rest_route=%2Fwp%2Fv2%2Fcomments&post=1971"}],"version-history":[{"count":12,"href":"https:\/\/www.vuncf.org\/index.php?rest_route=\/wp\/v2\/pages\/1971\/revisions"}],"predecessor-version":[{"id":3082,"href":"https:\/\/www.vuncf.org\/index.php?rest_route=\/wp\/v2\/pages\/1971\/revisions\/3082"}],"wp:attachment":[{"href":"https:\/\/www.vuncf.org\/index.php?rest_route=%2Fwp%2Fv2%2Fmedia&parent=1971"}],"curies":[{"name":"wp","href":"https:\/\/api.w.org\/{rel}","templated":true}]}}