{"id":1924,"date":"2013-10-15T22:36:27","date_gmt":"2013-10-15T20:36:27","guid":{"rendered":"http:\/\/www.vuncf.org\/?page_id=1924"},"modified":"2013-10-27T01:12:18","modified_gmt":"2013-10-26T23:12:18","slug":"comment-participer-a-une-reponse","status":"publish","type":"page","link":"https:\/\/www.vuncf.org\/?page_id=1924","title":{"rendered":"Comment participer \u00e0 une r\u00e9ponse"},"content":{"rendered":"<h3>A quel moment peut-on discuter des initiatives, de mani\u00e8re visible pour tous les participants, o\u00f9 l&rsquo;on peut poser des questions, voir les soutiens, interrogations, commentaires, et o\u00f9 les sources sont publi\u00e9s pour faciliter la prise de d\u00e9cisions, etc.\u00a0?<\/h3>\n<p>Les discussions sont possibles \u00e0 l&rsquo;int\u00e9rieur mais aussi \u00e0 l&rsquo;ext\u00e9rieur de LiquidFeedback. Les discussions \u00e0 l&rsquo;int\u00e9rieur du syst\u00e8me ont l&rsquo;avantage de rendre possible l&rsquo;\u00e9valuation quantitative du soutien de telle ou telle r\u00e9ponse contre telle autre, en voyant le nombre de personnes derri\u00e8re une id\u00e9e.<\/p>\n<p><b>Discussions \u00e0 l&rsquo;int\u00e9rieur du syst\u00e8me<\/b><\/p>\n<p>Chaque initiateur peut mettre des explications dans sa r\u00e9ponse.<\/p>\n<p>Sous la section \u00ab\u00a0Suggestions\u00a0\u00bb, vous pouvez formuler des demandes de modification. En cr\u00e9ant ou en donnant votre avis sur une suggestion, vous deviendrez automatiquement un soutien de l&rsquo;initiative. Marquer une suggestion comme \u00ab\u00a0doit \u00eatre impl\u00e9ment\u00e9e\u00a0\u00bb ne vous liste que comme soutient potentiel tant qu&rsquo;elle n&rsquo;est pas encore impl\u00e9ment\u00e9e.<\/p>\n<p>De plus, il y a la possibilit\u00e9 de formuler une contre r\u00e9ponse(\u00ab\u00a0Ajouter une r\u00e9ponsealternative\u00a0\u00bb), dans laquelle vous poserez vos arguments. S&rsquo;il y a un sujet au statut \u00ab\u00a0Nouveau\u00a0\u00bb, il peut \u00eatre utile de critiquer une r\u00e9ponsepour lui donner de la visibilit\u00e9 et lui permettre d&rsquo;atteindre le quorum n\u00e9cessaire de soutiens. Cr\u00e9er des contre r\u00e9ponses et des suggestions am\u00e9liorera le contenu des r\u00e9ponses.<\/p>\n<p><b>Discussions en dehors du syst\u00e8me<\/b><\/p>\n<p>Si vous voulez juste commenter une r\u00e9ponse sans avoir \u00e0 formuler une suggestion concr\u00e8te voir une contre r\u00e9ponse, vous pouvez le faire sur le forum ou le Wiki. \u00c0 cette fin, un lien peut \u00eatre pr\u00e9sent sur le c\u00f4t\u00e9 de l&rsquo;initiative.<\/p>\n","protected":false},"excerpt":{"rendered":"<p>A quel moment peut-on discuter des initiatives, de mani\u00e8re visible pour tous les participants, o\u00f9 l&rsquo;on peut poser des questions, voir les soutiens, interrogations, commentaires, et o\u00f9 les sources sont publi\u00e9s pour faciliter la prise de d\u00e9cisions, etc.\u00a0? Les discussions sont possibles \u00e0 l&rsquo;int\u00e9rieur mais aussi \u00e0 l&rsquo;ext\u00e9rieur de LiquidFeedback. Les discussions \u00e0 l&rsquo;int\u00e9rieur du [&hellip;]<\/p>\n","protected":false},"author":1,"featured_media":0,"parent":0,"menu_order":0,"comment_status":"closed","ping_status":"closed","template":"","meta":{"footnotes":""},"class_list":["post-1924","page","type-page","status-publish","hentry"],"_links":{"self":[{"href":"https:\/\/www.vuncf.org\/index.php?rest_route=\/wp\/v2\/pages\/1924","targetHints":{"allow":["GET"]}}],"collection":[{"href":"https:\/\/www.vuncf.org\/index.php?rest_route=\/wp\/v2\/pages"}],"about":[{"href":"https:\/\/www.vuncf.org\/index.php?rest_route=\/wp\/v2\/types\/page"}],"author":[{"embeddable":true,"href":"https:\/\/www.vuncf.org\/index.php?rest_route=\/wp\/v2\/users\/1"}],"replies":[{"embeddable":true,"href":"https:\/\/www.vuncf.org\/index.php?rest_route=%2Fwp%2Fv2%2Fcomments&post=1924"}],"version-history":[{"count":1,"href":"https:\/\/www.vuncf.org\/index.php?rest_route=\/wp\/v2\/pages\/1924\/revisions"}],"predecessor-version":[{"id":1925,"href":"https:\/\/www.vuncf.org\/index.php?rest_route=\/wp\/v2\/pages\/1924\/revisions\/1925"}],"wp:attachment":[{"href":"https:\/\/www.vuncf.org\/index.php?rest_route=%2Fwp%2Fv2%2Fmedia&parent=1924"}],"curies":[{"name":"wp","href":"https:\/\/api.w.org\/{rel}","templated":true}]}}