{"id":1721,"date":"2013-09-04T15:40:08","date_gmt":"2013-09-04T13:40:08","guid":{"rendered":"http:\/\/www.vuncf.org\/?page_id=1721"},"modified":"2013-09-04T15:40:08","modified_gmt":"2013-09-04T13:40:08","slug":"bibliotheque","status":"publish","type":"page","link":"https:\/\/www.vuncf.org\/?page_id=1721","title":{"rendered":"Biblioth\u00e8que"},"content":{"rendered":"<p>Les participants de ce projet doivent partager un minimum, assez rondelet, de connaissances.<\/p>\n<p>Pourquoi ? Pour employer les m\u00eame mots, pour que leurs r\u00e9flexions puissent s&rsquo;assembler harmonieusement.<\/p>\n<p>Ces connaissances doivent \u00e9galement \u00eatre partag\u00e9es avec le public, qui se constituera une base dialectique, et surtout sera alors seulement, capable d&rsquo;interpr\u00e9ter correctement les propositions.<\/p>\n<p>Alors tant qu&rsquo;\u00e0 faire, ce site peut l\u2019accueillir.<\/p>\n<p>C&rsquo;est la rubrique <a title=\"Formez-vous !\" href=\"https:\/\/www.vuncf.org\/?page_id=877\">\u00ab\u00a0formez-vous\u00a0\u00bb<\/a>.<\/p>\n","protected":false},"excerpt":{"rendered":"<p>Les participants de ce projet doivent partager un minimum, assez rondelet, de connaissances. Pourquoi ? Pour employer les m\u00eame mots, pour que leurs r\u00e9flexions puissent s&rsquo;assembler harmonieusement. Ces connaissances doivent \u00e9galement \u00eatre partag\u00e9es avec le public, qui se constituera une base dialectique, et surtout sera alors seulement, capable d&rsquo;interpr\u00e9ter correctement les propositions. Alors tant qu&rsquo;\u00e0 [&hellip;]<\/p>\n","protected":false},"author":1,"featured_media":0,"parent":0,"menu_order":0,"comment_status":"open","ping_status":"closed","template":"","meta":{"footnotes":""},"class_list":["post-1721","page","type-page","status-publish","hentry"],"_links":{"self":[{"href":"https:\/\/www.vuncf.org\/index.php?rest_route=\/wp\/v2\/pages\/1721","targetHints":{"allow":["GET"]}}],"collection":[{"href":"https:\/\/www.vuncf.org\/index.php?rest_route=\/wp\/v2\/pages"}],"about":[{"href":"https:\/\/www.vuncf.org\/index.php?rest_route=\/wp\/v2\/types\/page"}],"author":[{"embeddable":true,"href":"https:\/\/www.vuncf.org\/index.php?rest_route=\/wp\/v2\/users\/1"}],"replies":[{"embeddable":true,"href":"https:\/\/www.vuncf.org\/index.php?rest_route=%2Fwp%2Fv2%2Fcomments&post=1721"}],"version-history":[{"count":1,"href":"https:\/\/www.vuncf.org\/index.php?rest_route=\/wp\/v2\/pages\/1721\/revisions"}],"predecessor-version":[{"id":1722,"href":"https:\/\/www.vuncf.org\/index.php?rest_route=\/wp\/v2\/pages\/1721\/revisions\/1722"}],"wp:attachment":[{"href":"https:\/\/www.vuncf.org\/index.php?rest_route=%2Fwp%2Fv2%2Fmedia&parent=1721"}],"curies":[{"name":"wp","href":"https:\/\/api.w.org\/{rel}","templated":true}]}}