{"id":1716,"date":"2013-09-04T15:34:22","date_gmt":"2013-09-04T13:34:22","guid":{"rendered":"http:\/\/www.vuncf.org\/?page_id=1716"},"modified":"2013-09-04T15:41:33","modified_gmt":"2013-09-04T13:41:33","slug":"auto-formation-des-acteurs","status":"publish","type":"page","link":"https:\/\/www.vuncf.org\/?page_id=1716","title":{"rendered":"Auto-formation des acteurs"},"content":{"rendered":"<p>Les milliers de fran\u00e7ais qui se posent des questions sont souvent de fait \u00ab\u00a0sp\u00e9cialis\u00e9s\u00a0\u00bb.<\/p>\n<p>Tel groupe conna\u00eet les impasses europ\u00e9enne. Tel autre a d\u00e9busqu\u00e9 les arnaques de la finance.<\/p>\n<p>Tel autre est impliqu\u00e9 dans les probl\u00e8mes de logement, \u00e9ducation, sant\u00e9&#8230;. Bref, chacun d&rsquo;entre nous connait une facette seulement du probl\u00e8me global.<\/p>\n<p>Or, la r\u00e9volution d\u00e9mocratique suppose une coordination des actions pour un (ou des) projet(s) constitutionnel(s).<\/p>\n<p>Il n&rsquo;est pas envisageable que chacun deviennent un expert en tout. C&rsquo;est la fusion de chacune des comp\u00e9tences qui peut faire naitre des propositions s\u00e9rieuse.<\/p>\n<p>Pour avoir une petite chance de r\u00e9aliser cette fusion, qui est le point dur de l&rsquo;histoire, encore faudrait-il que nous utilisions un r\u00e9f\u00e9rentiel commun.<\/p>\n<p>Que nous ayons un certain \u00ab\u00a0corpus de connaissance\u00a0\u00bb commun, une base documentaire commune.<\/p>\n<p>Cela ne signifie nullement qu&rsquo;il serait souhaitable que nous soyons d&rsquo;accord, surtout pas !<\/p>\n<p>Nous serions d&rsquo;accord sur les questions. Pas forc\u00e9ment sur les r\u00e9ponses.<\/p>\n<p>Ce site a, entre autres, pour vocation de pr\u00e9senter un corpus de connaissances (<a title=\"Formez-vous !\" href=\"https:\/\/www.vuncf.org\/?page_id=877\" target=\"_blank\">la rubrique Formez-vous<\/a>).<\/p>\n<p>L&rsquo;utilisation de ces connaissances permet de partager un vocabulaire, des concepts.<\/p>\n<p><strong>L&rsquo;auto-formation, c&rsquo;est le travail qu&rsquo;accompli un acteur pour dig\u00e9rer cette documentation.<\/strong><\/p>\n<p>Cela prend un paquet d&rsquo;heure !<\/p>\n","protected":false},"excerpt":{"rendered":"<p>Les milliers de fran\u00e7ais qui se posent des questions sont souvent de fait \u00ab\u00a0sp\u00e9cialis\u00e9s\u00a0\u00bb. Tel groupe conna\u00eet les impasses europ\u00e9enne. Tel autre a d\u00e9busqu\u00e9 les arnaques de la finance. Tel autre est impliqu\u00e9 dans les probl\u00e8mes de logement, \u00e9ducation, sant\u00e9&#8230;. Bref, chacun d&rsquo;entre nous connait une facette seulement du probl\u00e8me global. Or, la r\u00e9volution d\u00e9mocratique [&hellip;]<\/p>\n","protected":false},"author":1,"featured_media":0,"parent":0,"menu_order":0,"comment_status":"open","ping_status":"closed","template":"","meta":{"footnotes":""},"class_list":["post-1716","page","type-page","status-publish","hentry"],"_links":{"self":[{"href":"https:\/\/www.vuncf.org\/index.php?rest_route=\/wp\/v2\/pages\/1716","targetHints":{"allow":["GET"]}}],"collection":[{"href":"https:\/\/www.vuncf.org\/index.php?rest_route=\/wp\/v2\/pages"}],"about":[{"href":"https:\/\/www.vuncf.org\/index.php?rest_route=\/wp\/v2\/types\/page"}],"author":[{"embeddable":true,"href":"https:\/\/www.vuncf.org\/index.php?rest_route=\/wp\/v2\/users\/1"}],"replies":[{"embeddable":true,"href":"https:\/\/www.vuncf.org\/index.php?rest_route=%2Fwp%2Fv2%2Fcomments&post=1716"}],"version-history":[{"count":4,"href":"https:\/\/www.vuncf.org\/index.php?rest_route=\/wp\/v2\/pages\/1716\/revisions"}],"predecessor-version":[{"id":1724,"href":"https:\/\/www.vuncf.org\/index.php?rest_route=\/wp\/v2\/pages\/1716\/revisions\/1724"}],"wp:attachment":[{"href":"https:\/\/www.vuncf.org\/index.php?rest_route=%2Fwp%2Fv2%2Fmedia&parent=1716"}],"curies":[{"name":"wp","href":"https:\/\/api.w.org\/{rel}","templated":true}]}}

<p>Les milliers de français qui se posent des questions sont souvent de fait « spécialisés ».</p>
<p>Tel groupe connaît les impasses européenne. Tel autre a débusqué les arnaques de la finance.</p>
<p>Tel autre est impliqué dans les problèmes de logement, éducation, santé&#8230;. Bref, chacun d&rsquo;entre nous connait une facette seulement du problème global.</p>
<p>Or, la révolution démocratique suppose une coordination des actions pour un (ou des) projet(s) constitutionnel(s).</p>
<p>Il n&rsquo;est pas envisageable que chacun deviennent un expert en tout. C&rsquo;est la fusion de chacune des compétences qui peut faire naitre des propositions sérieuse.</p>
<p>Pour avoir une petite chance de réaliser cette fusion, qui est le point dur de l&rsquo;histoire, encore faudrait-il que nous utilisions un référentiel commun.</p>
<p>Que nous ayons un certain « corpus de connaissance » commun, une base documentaire commune.</p>
<p>Cela ne signifie nullement qu&rsquo;il serait souhaitable que nous soyons d&rsquo;accord, surtout pas !</p>
<p>Nous serions d&rsquo;accord sur les questions. Pas forcément sur les réponses.</p>
<p>Ce site a, entre autres, pour vocation de présenter un corpus de connaissances (<a title="Formez-vous !" href="https://www.vuncf.org/?page_id=877" target="_blank">la rubrique Formez-vous</a>).</p>
<p>L&rsquo;utilisation de ces connaissances permet de partager un vocabulaire, des concepts.</p>
<p><strong>L&rsquo;auto-formation, c&rsquo;est le travail qu&rsquo;accompli un acteur pour digérer cette documentation.</strong></p>
<p>Cela prend un paquet d&rsquo;heure !</p>

<p>Les milliers de français qui se posent des questions sont souvent de fait « spécialisés ». Tel groupe connaît les impasses européenne. Tel autre a débusqué les arnaques de la finance. Tel autre est impliqué dans les problèmes de logement, éducation, santé&#8230;. Bref, chacun d&rsquo;entre nous connait une facette seulement du problème global. Or, la révolution démocratique [&hellip;]</p>
