{"id":1667,"date":"2013-09-02T20:31:57","date_gmt":"2013-09-02T18:31:57","guid":{"rendered":"http:\/\/www.vuncf.org\/?page_id=1667"},"modified":"2013-09-04T16:35:39","modified_gmt":"2013-09-04T14:35:39","slug":"vuncf-le-plan","status":"publish","type":"page","link":"https:\/\/www.vuncf.org\/?page_id=1667","title":{"rendered":"VUNCF : Le Plan"},"content":{"rendered":"<p>&nbsp;<\/p>\n<div>\n<div style=\"position: absolute; top: 0cm; left: 0cm; width: 10.5cm; height: 1cm; border: 1px solid #000000; padding: 0.15cm; background: #e6e6ff;\">\n<p>VUNCF : Le plan pour une nouvelle soci\u00e9t\u00e9<\/p>\n<\/div>\n<div style=\"position: absolute; top: 1.6cm; left: 0cm; width: 2cm; height: 1.5cm; border: 1px solid #000000; padding: 0.15cm; background: #99ccff;\">\n<p>\u00c9tape 1<\/p>\n<p>6 mois<\/p>\n<\/div>\n<div style=\"position: absolute; left: 2.5cm; top: 1.56cm; width: 6.75cm; height: 2.18cm; border: 1px solid #000000; padding: 0.15cm; background: #ffffff;\">\n<p>Promotion G\u00e9n\u00e9rale<\/p>\n<p>Recrutement des <a title=\"Les acteurs\" href=\"https:\/\/www.vuncf.org\/?page_id=1709\" target=\"_blank\">acteurs<\/a><\/p>\n<p>(Groupements militants)<\/p>\n<\/div>\n<div style=\"position: absolute; left: 0; top: 5cm; width: 2cm; height: 1.5cm; border: 1px solid #000000; padding: 0.15cm; background: #99ccff;\">\n<p>\u00c9tape 2<\/p>\n<p>6 mois<\/p>\n<\/div>\n<div style=\"position: absolute; left: 2.5cm; top: 4.5cm; width: 13cm; height: 2.79cm; border: 1px solid #000000; padding: 0.15cm; background: #ffffff;\">\n<p><a title=\"Auto-formation des acteurs\" href=\"https:\/\/www.vuncf.org\/?page_id=1716\" target=\"_blank\">Auto-formation des acteurs<\/a><\/p>\n<p>MAJ du site (Pr\u00e9sentation et biblioth\u00e8que)<\/p>\n<p>Affinage de la <a title=\"Biblioth\u00e8que\" href=\"https:\/\/www.vuncf.org\/?page_id=1721\" target=\"_blank\">biblioth\u00e8que<\/a><\/p>\n<\/div>\n<div style=\"position: absolute; left: 0; top: 8cm; width: 2cm; height: 1.5cm; border: 1px solid #000000; padding: 0.15cm; background: #99ccff;\">\n<p>\u00c9tape 3<\/p>\n<p>Un an<\/p>\n<\/div>\n<div style=\"position: absolute; left: 2.5cm; top: 8cm; width: 10.5cm; height: 3cm; border: 1px solid #000000; padding: 0.15cm; background: #ffffff;\">\n<p>Fabrication\u00a0: Fiches et <a title=\"Projets\" href=\"https:\/\/www.vuncf.org\/?page_id=1728\" target=\"_blank\">projets<\/a><\/p>\n<p>1 <a title=\"Fiche\" href=\"https:\/\/www.vuncf.org\/?page_id=1725\" target=\"_blank\">Fiche <\/a>= 1 th\u00e8me action politique<\/p>\n<p>1 th\u00e8me = Faire avancer les \u00e9lecteurs dans la compr\u00e9hension du processus constituant<\/p>\n<\/div>\n<div style=\"position: absolute; left: 0cm; top: 11.5cm; width: 2cm; height: 1.5cm; border: 1px solid #000000; padding: 0.15cm; background: #99ccff;\">\n<p>\u00c9tape 4<\/p>\n<p>3 mois<\/p>\n<\/div>\n<div style=\"position: absolute; left: 2.5cm; top: 11.5cm; width: 6.81cm; height: 1.58cm; border: 1px solid #000000; padding: 0.15cm; background: #ffffff;\">\n<p>S\u00e9lection et tri de 52 Fiches<\/p>\n<p>parmi toute celle propos\u00e9es<\/p>\n<\/div>\n<div style=\"position: absolute; left: 0cm; top: 14.6cm; width: 2.01cm; height: 1.5cm; border: 1px solid #000000; padding: 0.15cm; background: #99ccff;\">\n<p>\u00c9tape 5<\/p>\n<p>Un an<\/p>\n<\/div>\n<div style=\"position: absolute; top: 14cm; left: 2.5cm; width: 8cm; height: 2.47cm; border: 1px solid #000000; padding: 0.15cm; background: #ffffff;\">\n<p>Pendant un an,<\/p>\n<p>Animation par tous les acteurs.<\/p>\n<p>Une semaine = une fiche\/th\u00e8me<\/p>\n<\/div>\n<\/div>\n<p>&nbsp;<\/p>\n","protected":false},"excerpt":{"rendered":"<p>&nbsp; VUNCF : Le plan pour une nouvelle soci\u00e9t\u00e9 \u00c9tape 1 6 mois Promotion G\u00e9n\u00e9rale Recrutement des acteurs (Groupements militants) \u00c9tape 2 6 mois Auto-formation des acteurs MAJ du site (Pr\u00e9sentation et biblioth\u00e8que) Affinage de la biblioth\u00e8que \u00c9tape 3 Un an Fabrication\u00a0: Fiches et projets 1 Fiche = 1 th\u00e8me action politique 1 th\u00e8me = [&hellip;]<\/p>\n","protected":false},"author":1,"featured_media":0,"parent":0,"menu_order":0,"comment_status":"closed","ping_status":"closed","template":"","meta":{"footnotes":""},"class_list":["post-1667","page","type-page","status-publish","hentry"],"_links":{"self":[{"href":"https:\/\/www.vuncf.org\/index.php?rest_route=\/wp\/v2\/pages\/1667","targetHints":{"allow":["GET"]}}],"collection":[{"href":"https:\/\/www.vuncf.org\/index.php?rest_route=\/wp\/v2\/pages"}],"about":[{"href":"https:\/\/www.vuncf.org\/index.php?rest_route=\/wp\/v2\/types\/page"}],"author":[{"embeddable":true,"href":"https:\/\/www.vuncf.org\/index.php?rest_route=\/wp\/v2\/users\/1"}],"replies":[{"embeddable":true,"href":"https:\/\/www.vuncf.org\/index.php?rest_route=%2Fwp%2Fv2%2Fcomments&post=1667"}],"version-history":[{"count":29,"href":"https:\/\/www.vuncf.org\/index.php?rest_route=\/wp\/v2\/pages\/1667\/revisions"}],"predecessor-version":[{"id":1731,"href":"https:\/\/www.vuncf.org\/index.php?rest_route=\/wp\/v2\/pages\/1667\/revisions\/1731"}],"wp:attachment":[{"href":"https:\/\/www.vuncf.org\/index.php?rest_route=%2Fwp%2Fv2%2Fmedia&parent=1667"}],"curies":[{"name":"wp","href":"https:\/\/api.w.org\/{rel}","templated":true}]}}