{"id":1646,"date":"2013-08-31T18:07:53","date_gmt":"2013-08-31T16:07:53","guid":{"rendered":"http:\/\/www.vuncf.org\/?page_id=1646"},"modified":"2013-08-31T18:07:53","modified_gmt":"2013-08-31T16:07:53","slug":"iv-3-le-suspens-est-insoutenable","status":"publish","type":"page","link":"https:\/\/www.vuncf.org\/?page_id=1646","title":{"rendered":"IV 3 : Le suspens est insoutenable"},"content":{"rendered":"<p>Alors, cher pr\u00e9dicateur illumin\u00e9 par la gr\u00e2ce, pourquoi la pluie plut\u00f4t que le beau temps, pourquoi TF1 plut\u00f4t que rien ?\u00a0\u00a0 Pourquoi Renault d\u00e9localise plut\u00f4t que pas ?<\/p>\n<p>Ahah ! C\u2019est <b>l\u00e9gal<\/b>. C&rsquo;est encourag\u00e9. Pourquoi c&rsquo;est <b>l\u00e9gal<\/b> ? Parce que c&rsquo;est la loi. Mais qui vote et qui propose une loi ? Vos d\u00e9put\u00e9s, dont la majorit\u00e9 est, parce que c&rsquo;est ce qui est \u00e9crit dans la <b>constitution<\/b>, pilot\u00e9e par le gouvernement, avec le sous-pape et le pape. J&rsquo;aimais mieux quand c&rsquo;\u00e9tait Cresson la sous-pape, c\u2019\u00e9tait plus dr\u00f4le. Bon bref, c&rsquo;est eux.<\/p>\n<p>Pape et sous-pape et les petits pages ont pens\u00e9, propos\u00e9 et accept\u00e9 exactement le cadre l\u00e9gal \u00e0 l&rsquo;heure o\u00f9 j\u2019\u00e9cris ces lignes. Convenez que personne ne vous a mis un flingue sur la tempe dans l&rsquo;isoloir.<\/p>\n","protected":false},"excerpt":{"rendered":"<p>Alors, cher pr\u00e9dicateur illumin\u00e9 par la gr\u00e2ce, pourquoi la pluie plut\u00f4t que le beau temps, pourquoi TF1 plut\u00f4t que rien ?\u00a0\u00a0 Pourquoi Renault d\u00e9localise plut\u00f4t que pas ? Ahah ! C\u2019est l\u00e9gal. C&rsquo;est encourag\u00e9. Pourquoi c&rsquo;est l\u00e9gal ? Parce que c&rsquo;est la loi. Mais qui vote et qui propose une loi ? Vos d\u00e9put\u00e9s, dont [&hellip;]<\/p>\n","protected":false},"author":1,"featured_media":0,"parent":0,"menu_order":0,"comment_status":"open","ping_status":"closed","template":"","meta":{"footnotes":""},"class_list":["post-1646","page","type-page","status-publish","hentry"],"_links":{"self":[{"href":"https:\/\/www.vuncf.org\/index.php?rest_route=\/wp\/v2\/pages\/1646","targetHints":{"allow":["GET"]}}],"collection":[{"href":"https:\/\/www.vuncf.org\/index.php?rest_route=\/wp\/v2\/pages"}],"about":[{"href":"https:\/\/www.vuncf.org\/index.php?rest_route=\/wp\/v2\/types\/page"}],"author":[{"embeddable":true,"href":"https:\/\/www.vuncf.org\/index.php?rest_route=\/wp\/v2\/users\/1"}],"replies":[{"embeddable":true,"href":"https:\/\/www.vuncf.org\/index.php?rest_route=%2Fwp%2Fv2%2Fcomments&post=1646"}],"version-history":[{"count":1,"href":"https:\/\/www.vuncf.org\/index.php?rest_route=\/wp\/v2\/pages\/1646\/revisions"}],"predecessor-version":[{"id":1647,"href":"https:\/\/www.vuncf.org\/index.php?rest_route=\/wp\/v2\/pages\/1646\/revisions\/1647"}],"wp:attachment":[{"href":"https:\/\/www.vuncf.org\/index.php?rest_route=%2Fwp%2Fv2%2Fmedia&parent=1646"}],"curies":[{"name":"wp","href":"https:\/\/api.w.org\/{rel}","templated":true}]}}

<p>Alors, cher prédicateur illuminé par la grâce, pourquoi la pluie plutôt que le beau temps, pourquoi TF1 plutôt que rien ?   Pourquoi Renault délocalise plutôt que pas ?</p>
<p>Ahah ! C’est <b>légal</b>. C&rsquo;est encouragé. Pourquoi c&rsquo;est <b>légal</b> ? Parce que c&rsquo;est la loi. Mais qui vote et qui propose une loi ? Vos députés, dont la majorité est, parce que c&rsquo;est ce qui est écrit dans la <b>constitution</b>, pilotée par le gouvernement, avec le sous-pape et le pape. J&rsquo;aimais mieux quand c&rsquo;était Cresson la sous-pape, c’était plus drôle. Bon bref, c&rsquo;est eux.</p>
<p>Pape et sous-pape et les petits pages ont pensé, proposé et accepté exactement le cadre légal à l&rsquo;heure où j’écris ces lignes. Convenez que personne ne vous a mis un flingue sur la tempe dans l&rsquo;isoloir.</p>

<p>Alors, cher prédicateur illuminé par la grâce, pourquoi la pluie plutôt que le beau temps, pourquoi TF1 plutôt que rien ?   Pourquoi Renault délocalise plutôt que pas ? Ahah ! C’est légal. C&rsquo;est encouragé. Pourquoi c&rsquo;est légal ? Parce que c&rsquo;est la loi. Mais qui vote et qui propose une loi ? Vos députés, dont [&hellip;]</p>
