{"id":1644,"date":"2013-08-31T18:07:24","date_gmt":"2013-08-31T16:07:24","guid":{"rendered":"http:\/\/www.vuncf.org\/?page_id=1644"},"modified":"2014-02-10T14:06:44","modified_gmt":"2014-02-10T13:06:44","slug":"iv-2-exercice-pratique","status":"publish","type":"page","link":"https:\/\/www.vuncf.org\/?page_id=1644","title":{"rendered":"IV 2 : Exercice pratique"},"content":{"rendered":"<h3>Exercice pratique<\/h3>\n<p>J&rsquo;esp\u00e8re vous convaincre qu&rsquo;il est int\u00e9ressant de se pencher sur la recherche d&rsquo;un avenir plus radieux.<\/p>\n<p>En attendant, pratiquez donc sur vous-m\u00eame une petite r\u00e9flexion int\u00e9rieure. J&rsquo;aurais bien dit \u00ab\u00a0introspection\u00a0\u00bb, mais j&rsquo;envisage d&rsquo;avoir plus de 10 lecteurs hors de ma famille.<\/p>\n<p>En remontant la cha\u00eene des effets vers les causes, demandez-vous si c&rsquo;est <b>l\u00e9gal<\/b>. Je n\u2019ai pas dit sympa, j&rsquo;ai dit <b>l\u00e9gal<\/b>.<\/p>\n<p>\u00c9prouvez telle action, telle d\u00e9cision politique, \u00e9conomique, sociale, fiscale et posez-vous sans cesse cette question\u00a0: \u00ab\u00a0Ais-je un avis \u00e0 moi, personnel, puis-je m\u2019exprimer sans r\u00e9p\u00e9ter un truc qu\u2019on m\u2019a dit, mais que je n\u2019ai pas v\u00e9rifi\u00e9\u00a0\u00bb. La r\u00e9ponse est NON \u00e0 90 % chez le plus honn\u00eate d\u2019entre nous.<\/p>\n<p>Souvent, cela n\u2019a aucune cons\u00e9quence. Et pour \u00ab\u00a0les r\u00e9formes n\u00e9cessaires\u00a0\u00bb, qu\u2019est-ce que vous en savez que c\u2019est n\u00e9cessaire\u00a0? D\u2019accord ou pas, honn\u00eatement, vous, vous-m\u00eame, vous en pensez rien du tout\u00a0! Vous r\u00e9p\u00e9tez comme des perroquets des opinions de journalistes ou d\u2019homme politique ou de tel t\u00e9nor de l\u2019\u00e9conomie&#8230;<\/p>\n<p>On vous dit que \u00ab\u00a0A cause B\u00a0\u00bb. Ca y est. Vous ne savez pas vraiment ce qu\u2019est \u00c0, ce que signifie B, mais vous \u00eates d\u2019accord\u00a0! \u00ab\u00a0Nous vivons plus vieux, il faut travailler plus longtemps, c\u2019est \u00e9vident\u00a0!\u00a0\u00bb.<\/p>\n<p>Apr\u00e8s vous votez, et le plus souvent vous ne manifestez pas\u00a0: un truc de gauchiste ou de bourgeois en mal d\u2019orientation sexuelle claire. \u00ab\u00a0Militant = givr\u00e9 immature\u00a0\u00bb, c&rsquo;est l\u2019avertissement lanc\u00e9 aux braves gens pour tenter de les dissuader de s&rsquo;engager. \u00ab\u00a0Ne militez pas, c&rsquo;est enfantin\u00a0\u00bb, dit l&rsquo;oligarque.<\/p>\n","protected":false},"excerpt":{"rendered":"<p>Exercice pratique J&rsquo;esp\u00e8re vous convaincre qu&rsquo;il est int\u00e9ressant de se pencher sur la recherche d&rsquo;un avenir plus radieux. En attendant, pratiquez donc sur vous-m\u00eame une petite r\u00e9flexion int\u00e9rieure. J&rsquo;aurais bien dit \u00ab\u00a0introspection\u00a0\u00bb, mais j&rsquo;envisage d&rsquo;avoir plus de 10 lecteurs hors de ma famille. En remontant la cha\u00eene des effets vers les causes, demandez-vous si c&rsquo;est [&hellip;]<\/p>\n","protected":false},"author":1,"featured_media":0,"parent":0,"menu_order":0,"comment_status":"open","ping_status":"closed","template":"","meta":{"footnotes":""},"class_list":["post-1644","page","type-page","status-publish","hentry"],"_links":{"self":[{"href":"https:\/\/www.vuncf.org\/index.php?rest_route=\/wp\/v2\/pages\/1644","targetHints":{"allow":["GET"]}}],"collection":[{"href":"https:\/\/www.vuncf.org\/index.php?rest_route=\/wp\/v2\/pages"}],"about":[{"href":"https:\/\/www.vuncf.org\/index.php?rest_route=\/wp\/v2\/types\/page"}],"author":[{"embeddable":true,"href":"https:\/\/www.vuncf.org\/index.php?rest_route=\/wp\/v2\/users\/1"}],"replies":[{"embeddable":true,"href":"https:\/\/www.vuncf.org\/index.php?rest_route=%2Fwp%2Fv2%2Fcomments&post=1644"}],"version-history":[{"count":2,"href":"https:\/\/www.vuncf.org\/index.php?rest_route=\/wp\/v2\/pages\/1644\/revisions"}],"predecessor-version":[{"id":2126,"href":"https:\/\/www.vuncf.org\/index.php?rest_route=\/wp\/v2\/pages\/1644\/revisions\/2126"}],"wp:attachment":[{"href":"https:\/\/www.vuncf.org\/index.php?rest_route=%2Fwp%2Fv2%2Fmedia&parent=1644"}],"curies":[{"name":"wp","href":"https:\/\/api.w.org\/{rel}","templated":true}]}}

<h3>Exercice pratique</h3>
<p>J&rsquo;espère vous convaincre qu&rsquo;il est intéressant de se pencher sur la recherche d&rsquo;un avenir plus radieux.</p>
<p>En attendant, pratiquez donc sur vous-même une petite réflexion intérieure. J&rsquo;aurais bien dit « introspection », mais j&rsquo;envisage d&rsquo;avoir plus de 10 lecteurs hors de ma famille.</p>
<p>En remontant la chaîne des effets vers les causes, demandez-vous si c&rsquo;est <b>légal</b>. Je n’ai pas dit sympa, j&rsquo;ai dit <b>légal</b>.</p>
<p>Éprouvez telle action, telle décision politique, économique, sociale, fiscale et posez-vous sans cesse cette question : « Ais-je un avis à moi, personnel, puis-je m’exprimer sans répéter un truc qu’on m’a dit, mais que je n’ai pas vérifié ». La réponse est NON à 90 % chez le plus honnête d’entre nous.</p>
<p>Souvent, cela n’a aucune conséquence. Et pour « les réformes nécessaires », qu’est-ce que vous en savez que c’est nécessaire ? D’accord ou pas, honnêtement, vous, vous-même, vous en pensez rien du tout ! Vous répétez comme des perroquets des opinions de journalistes ou d’homme politique ou de tel ténor de l’économie&#8230;</p>
<p>On vous dit que « A cause B ». Ca y est. Vous ne savez pas vraiment ce qu’est À, ce que signifie B, mais vous êtes d’accord ! « Nous vivons plus vieux, il faut travailler plus longtemps, c’est évident ! ».</p>
<p>Après vous votez, et le plus souvent vous ne manifestez pas : un truc de gauchiste ou de bourgeois en mal d’orientation sexuelle claire. « Militant = givré immature », c&rsquo;est l’avertissement lancé aux braves gens pour tenter de les dissuader de s&rsquo;engager. « Ne militez pas, c&rsquo;est enfantin », dit l&rsquo;oligarque.</p>

<p>Exercice pratique J&rsquo;espère vous convaincre qu&rsquo;il est intéressant de se pencher sur la recherche d&rsquo;un avenir plus radieux. En attendant, pratiquez donc sur vous-même une petite réflexion intérieure. J&rsquo;aurais bien dit « introspection », mais j&rsquo;envisage d&rsquo;avoir plus de 10 lecteurs hors de ma famille. En remontant la chaîne des effets vers les causes, demandez-vous si c&rsquo;est [&hellip;]</p>
