{"id":1642,"date":"2013-08-31T18:06:40","date_gmt":"2013-08-31T16:06:40","guid":{"rendered":"http:\/\/www.vuncf.org\/?page_id=1642"},"modified":"2013-08-31T18:06:40","modified_gmt":"2013-08-31T16:06:40","slug":"iv-pour-sechauffer","status":"publish","type":"page","link":"https:\/\/www.vuncf.org\/?page_id=1642","title":{"rendered":"IV: Pour s&rsquo;\u00e9chauffer&#8230;"},"content":{"rendered":"<h3>Indignations en vrac<\/h3>\n<p>Des choses arrivent \u2026 parce que nous l&rsquo;avons accept\u00e9, sign\u00e9.<\/p>\n<p>A part quelques militants, les fran\u00e7ais ne connaissent rien \u00e0 la politique, au sens noble du terme.<\/p>\n<p>Les commentaires standards, ceux que vous pouvez sortir sans risque dans un d\u00eener rel\u00e8vent du poujadisme le plus rance.<\/p>\n<p>Totalement fantasm\u00e9, mais \u00e9galement pris en tenaille par une panne s\u00e8che budg\u00e9taire <i>organis\u00e9e<\/i> par ses ennemis et la fin du <i>travail<\/i>, l&rsquo;\u00e9tat est devenu un \u00ab\u00a0autre\u00a0\u00bb, d\u00e9testable et incapable. Alors que l\u2019\u00e9tat, c\u2019est \u00ab\u00a0nous\u00a0\u00bb.<\/p>\n<p>Un Sarko, ou un Hollande prend seul la d\u00e9cision de partir en guerre. L\u2019\u00e9tat donne un bien commun \u00e0 une pompe \u00e0 fric priv\u00e9e, c\u2019est l\u00e9gal. Vous n\u2019y pouvez rien.<\/p>\n<p>Un exemple\u00a0: des grosses boites de BTP r\u00e9cup\u00e8rent pour 14 Md\u20ac les autoroutes d\u00e9j\u00e0 pay\u00e9s deux fois par nos imp\u00f4ts et des p\u00e9ages. Alors que tous les observateurs sont d\u2019accord pour dire que cela repr\u00e9sente 40 Md\u20ac de revenus. \u00c7a passe, c\u2019est l\u00e9gal. Une d\u00e9cision autoritaire du p\u00e9lican de la politique fran\u00e7aise. Propre sur lui et se tirant la bourre avec d\u2019Ormesson pour les convenances bourgeoises d\u2019un langage pompeux. 26Md\u20ac dans le fion du peuple, mais sans gros mots. D\u00e9tourner 26Md\u20ac d\u2019argent public, c\u2019est pas mal \u00e9lev\u00e9. Mais \u00ab\u00a0fion\u00a0\u00bb si. Autrement plus classe que cet article, n\u2019est-ce pas\u00a0? Mais entre-temps, les chiffres (donc les tarifs) sont \u00e0 la hausse, merci pour eux. Renault, EDF, GDF, SNCF mise en concurrence, et allez donc\u2026<\/p>\n<p>D\u00e9molir un syst\u00e8me de retraite qui marche, flinguer l\u2019\u00e9cole. Faire \u00e7a ou peigner la girafe&#8230;J&rsquo;oubliai, peigner une girafe ne rapporte pas d&rsquo;argent.<\/p>\n","protected":false},"excerpt":{"rendered":"<p>Indignations en vrac Des choses arrivent \u2026 parce que nous l&rsquo;avons accept\u00e9, sign\u00e9. A part quelques militants, les fran\u00e7ais ne connaissent rien \u00e0 la politique, au sens noble du terme. Les commentaires standards, ceux que vous pouvez sortir sans risque dans un d\u00eener rel\u00e8vent du poujadisme le plus rance. Totalement fantasm\u00e9, mais \u00e9galement pris en [&hellip;]<\/p>\n","protected":false},"author":1,"featured_media":0,"parent":0,"menu_order":0,"comment_status":"open","ping_status":"closed","template":"","meta":{"footnotes":""},"class_list":["post-1642","page","type-page","status-publish","hentry"],"_links":{"self":[{"href":"https:\/\/www.vuncf.org\/index.php?rest_route=\/wp\/v2\/pages\/1642","targetHints":{"allow":["GET"]}}],"collection":[{"href":"https:\/\/www.vuncf.org\/index.php?rest_route=\/wp\/v2\/pages"}],"about":[{"href":"https:\/\/www.vuncf.org\/index.php?rest_route=\/wp\/v2\/types\/page"}],"author":[{"embeddable":true,"href":"https:\/\/www.vuncf.org\/index.php?rest_route=\/wp\/v2\/users\/1"}],"replies":[{"embeddable":true,"href":"https:\/\/www.vuncf.org\/index.php?rest_route=%2Fwp%2Fv2%2Fcomments&post=1642"}],"version-history":[{"count":1,"href":"https:\/\/www.vuncf.org\/index.php?rest_route=\/wp\/v2\/pages\/1642\/revisions"}],"predecessor-version":[{"id":1643,"href":"https:\/\/www.vuncf.org\/index.php?rest_route=\/wp\/v2\/pages\/1642\/revisions\/1643"}],"wp:attachment":[{"href":"https:\/\/www.vuncf.org\/index.php?rest_route=%2Fwp%2Fv2%2Fmedia&parent=1642"}],"curies":[{"name":"wp","href":"https:\/\/api.w.org\/{rel}","templated":true}]}}