{"id":15,"date":"2013-05-08T15:33:25","date_gmt":"2013-05-08T13:33:25","guid":{"rendered":"http:\/\/test.briosoft.com\/?page_id=15"},"modified":"2013-08-26T12:20:17","modified_gmt":"2013-08-26T10:20:17","slug":"glossaire","status":"publish","type":"page","link":"https:\/\/www.vuncf.org\/?page_id=15","title":{"rendered":"Glossaire"},"content":{"rendered":"<p>Avant de commencer \u00e0 se parler, il serait bon de se mettre d&rsquo;accord sur un certain nombre de mots. Puisqu&rsquo;aujourd&rsquo;hui la Libert\u00e9 est un abonnement \u00e0 un forfait de t\u00e9l\u00e9phone mobile, il importe de diff\u00e9rencier le langage outil de communication inter-personnelle qui vise \u00e0 la transmission d&rsquo;informations aussi simples que &lsquo;passe moi le sel&rsquo;,\u00a0 de la communication marketing qui vise \u00e0 vous faire r\u00e9aliser vos r\u00eaves en achetant une bagnole ou un gadget hi-tech.<\/p>\n<p>Voici donc quelques mots, tellement charg\u00e9s, tellement porteurs de mythe qu&rsquo;ils finissent par muter ou devenir polymorphes.<\/p>\n","protected":false},"excerpt":{"rendered":"<p>Avant de commencer \u00e0 se parler, il serait bon de se mettre d&rsquo;accord sur un certain nombre de mots. Puisqu&rsquo;aujourd&rsquo;hui la Libert\u00e9 est un abonnement \u00e0 un forfait de t\u00e9l\u00e9phone mobile, il importe de diff\u00e9rencier le langage outil de communication inter-personnelle qui vise \u00e0 la transmission d&rsquo;informations aussi simples que &lsquo;passe moi le sel&rsquo;,\u00a0 de [&hellip;]<\/p>\n","protected":false},"author":1,"featured_media":0,"parent":0,"menu_order":0,"comment_status":"open","ping_status":"closed","template":"","meta":{"footnotes":""},"class_list":["post-15","page","type-page","status-publish","hentry"],"_links":{"self":[{"href":"https:\/\/www.vuncf.org\/index.php?rest_route=\/wp\/v2\/pages\/15","targetHints":{"allow":["GET"]}}],"collection":[{"href":"https:\/\/www.vuncf.org\/index.php?rest_route=\/wp\/v2\/pages"}],"about":[{"href":"https:\/\/www.vuncf.org\/index.php?rest_route=\/wp\/v2\/types\/page"}],"author":[{"embeddable":true,"href":"https:\/\/www.vuncf.org\/index.php?rest_route=\/wp\/v2\/users\/1"}],"replies":[{"embeddable":true,"href":"https:\/\/www.vuncf.org\/index.php?rest_route=%2Fwp%2Fv2%2Fcomments&post=15"}],"version-history":[{"count":6,"href":"https:\/\/www.vuncf.org\/index.php?rest_route=\/wp\/v2\/pages\/15\/revisions"}],"predecessor-version":[{"id":1426,"href":"https:\/\/www.vuncf.org\/index.php?rest_route=\/wp\/v2\/pages\/15\/revisions\/1426"}],"wp:attachment":[{"href":"https:\/\/www.vuncf.org\/index.php?rest_route=%2Fwp%2Fv2%2Fmedia&parent=15"}],"curies":[{"name":"wp","href":"https:\/\/api.w.org\/{rel}","templated":true}]}}