{"id":1329,"date":"2013-08-26T14:28:39","date_gmt":"2013-08-26T12:28:39","guid":{"rendered":"http:\/\/www.vuncf.org\/?page_id=1329"},"modified":"2013-08-27T13:30:35","modified_gmt":"2013-08-27T11:30:35","slug":"jy-vais-jy-vais-pas","status":"publish","type":"page","link":"https:\/\/www.vuncf.org\/?page_id=1329","title":{"rendered":"J&rsquo;y vais, j&rsquo;y vais pas&#8230;"},"content":{"rendered":"<p>Ce site vous invite \u00e0 participer \u00e0 une transformation profonde de notre soci\u00e9t\u00e9.<\/p>\n<p>Comment raccorder votre vie \u00e0 un tel mouvement ?<\/p>\n<p>Parcourons ensemble quelques objections, regardons ensemble les questions que cela pose.<\/p>\n<h2>Je n&rsquo;y connais rien.<\/h2>\n<p>Et alors ? Nos repr\u00e9sentants non plus.<\/p>\n<p>Si vous pensez \u00e0 \u00ab\u00a0connaitre\u00a0\u00bb tous les tenants et aboutissants de l&rsquo;organisation d&rsquo;une soci\u00e9t\u00e9, c&rsquo;est s\u00fbr que c&rsquo;est rap\u00e9 d&rsquo;avance.<\/p>\n<p>Alors que si vous prenez la question dans l&rsquo;autre sens, vous pourriez \u00eatre surpris par vos comp\u00e9tences.<\/p>\n<p>\u00ab\u00a0Avec ce que je sais, puis-je participer ?\u00a0\u00bb<\/p>\n<p>Oui, dix fois oui. Si faible soit-elle, votre science de la vie en soci\u00e9t\u00e9 est largement suffisante pour pouvoir pr\u00e9tendre prendre la parole.<\/p>\n<p>Faites l&rsquo;inventaire de ce que vous savez, puis n&rsquo;ayez pas peur de valoriser cet inventaire, si modeste soit-il.<\/p>\n<p>Votre modestie vous honore, et vous d\u00e9signe particuli\u00e8rement pour ce processus de r\u00e9forme politique.<\/p>\n<h2>Je suis trop b\u00eate.<\/h2>\n<p>A supposer qu&rsquo;une \u00e9chelle existe, vous pensez \u00eatre un blaireau. En pensant cela, vous ob\u00e9issez aux injonctions d&rsquo;experts auto-proclam\u00e9s qui vous prient de vous m\u00ealer d&rsquo;autre chose que de politique.<\/p>\n<p>Parce que vous pensez ne pas \u00eatre \u00e0 la hauteur, <strong>alors<\/strong> vous \u00eates particuli\u00e8rement d\u00e9sign\u00e9, \u00e0 rebours de ces experts qui vous donnent des le\u00e7ons pour embrouiller tout le monde et servir leurs commanditaires.<\/p>\n<p>Certes, vous \u00eates invit\u00e9s \u00e0 combler quelques lacunes. A enrichir votre \u00ab\u00a0corpus\u00a0\u00bb de connaissances. <a title=\"Formez-vous !\" href=\"https:\/\/www.vuncf.org\/?page_id=877\" target=\"_blank\">Vous pouvez commencer ici, en allant voir partout, notamment la rubrique formation<\/a>, qui vous propose des conf\u00e9rences et interviews.<\/p>\n<p>Un certain nombre de gens se sont superbement saisis de sujets de r\u00e9flexions peu orthodoxes. Sans pr\u00e9juger du fait que vous seriez d&rsquo;accord ou non avec leur propositions, vous pouvez tranquillement d\u00e9velopper vos connaissances.<\/p>\n<p>Quelques heures de conf\u00e9rences, d&rsquo;histoire et d&rsquo;\u00e9conomie ne vont pas vous tuer. Vous pourriez d\u00e9couvrir que vous en savez plus que vous ne le pensez, tout au plus auriez vous besoin d&rsquo;un peu d&rsquo;aide pour formuler correctement des pens\u00e9es encore mal ordonn\u00e9es.<\/p>\n<p>Les plus honn\u00eates des penseurs vivent quotidiennement la contradiction : plus j&rsquo;en sais, plus je d\u00e9couvre que j&rsquo;en sais peu. Alors on fait avec, sinon on n&rsquo;avance pas.<\/p>\n<h2>Je n&rsquo;ai pas le temps, j&rsquo;ai autre chose \u00e0 faire.<\/h2>\n<p>Notre soci\u00e9t\u00e9 s&rsquo;occupe de prendre les plus rentables d&rsquo;entre nous et de leur coller un max de boulot sur les bras. Pour adoucir la potion, il a \u00e9t\u00e9 cr\u00e9e un mythe : \u00ab\u00a0l&rsquo;ascenseur social\u00a0\u00bb. Le but du jeu est de vous faire miroiter un avancement, si vous voulez bien trimer comme des esclaves antiques.<\/p>\n<p>Vous ne comptez pas vos heures sup. Vous pleurez tous les jours dans les transports et vos devoirs familiaux s&rsquo;accomplissent dans le stress et l&rsquo;urgence.<\/p>\n<p>Alors vous n&rsquo;avez pas le temps pour la politique. Sauf que vous avez le temps de passer 4h en moyenne devant la t\u00e9l\u00e9 et 3h devant vos ordi\/tablettes et autres gadgets.<\/p>\n<p>L&rsquo;argument \u00ab\u00a0pas le temps\u00a0\u00bb est, dans 999 cas sur 1000, une excuse qui s\u2019enracine dans notre paresse naturelle. En tout cas, cet argument r\u00e9el et fallacieux \u00e0 la fois est le meilleur ami de nos oppresseurs et notre pire gardien de prison.<\/p>\n<p>Ils ont pu tranquillement construire notre prison, depuis des d\u00e9cennies, parce que nous n&rsquo;avions pas le temps de nous en occuper. Et maintenant, vous n&rsquo;avez plus le temps de vous occuper de vous ? Parce que vous \u00eates trop occup\u00e9s \u00e0 satisfaire vos patrons, vos banquiers ou votre logeur.<\/p>\n<p>Il y a comme des expressions populaires qui parlent de doigts qu&rsquo;il faut se sortir de l\u00e0 o\u00f9 ils ne servent \u00e0 rien.<\/p>\n<h2>Il n&rsquo;y a aucune chance de succ\u00e8s.<\/h2>\n<p>Alors \u00e7a, vous n&rsquo;en savez rien. A force de vous prendre pour une merde, le syst\u00e8me vous a convaincu que vous en \u00e9tiez une.<\/p>\n<p><a title=\"Au d\u00e9but, des colibris.\" href=\"https:\/\/www.vuncf.org\/?page_id=1132\" target=\"_blank\">Allez donc voir l&rsquo;histoire (raccourcie) de Pierre Rabhi<\/a>. Ce type a une joli image pour expliquer que m\u00eame les colibris doivent participer, goutte \u00e0 goutte, \u00e0 l&rsquo;extinction de l&rsquo;incendie. 20 millions de colibris finissent par apporter plus d&rsquo;eau qu&rsquo;un troupeau d&rsquo;\u00e9l\u00e9phants.<\/p>\n<p>Participer \u00e0 une entreprise d\u00e9mocratique, c&rsquo;est accepter toutes les contributions. C&rsquo;est faire confiance. Comme un patron peut avoir parfois du mal \u00e0 d\u00e9l\u00e9guer, car il craint l&rsquo;incomp\u00e9tence, vous avez du mal \u00e0 d\u00e9l\u00e9guer. Mais en plus vous avez m\u00eame du mal \u00e0 \u00ab\u00a0vous\u00a0\u00bb d\u00e9l\u00e9guer votre part \u00e0 vous-m\u00eame.<\/p>\n<p>Au lieu de cela, vous pourriez vous dire \u00ab\u00a0Si je m&rsquo;y met moi-m\u00eame, alors c&rsquo;est gagn\u00e9\u00a0\u00bb. Or, aussi bizarre que cela puisse para\u00eetre, c&rsquo;est foutrement vrai.<\/p>\n<p>En acceptant par avance vos erreurs, et puis les miennes pendant que vous y \u00eates, vous ouvrez la route.<\/p>\n<p>Pour ceux \u00e0 qui cela dit quelque chose, c&rsquo;est exactement le probl\u00e8me que vous avez r\u00e9gl\u00e9 en allant \u00e0 l&rsquo;\u00e9cole et en y accompagnant vos enfants : Aujourd&rsquo;hui, le march\u00e9 du travail est pourri, vos promesses de lendemains qui chantent en r\u00e9compense de l&rsquo;effort de faire des \u00e9tudes tombe aujourd&rsquo;hui compl\u00e8tement \u00e0 plat. Pourtant, vous y allez quand m\u00eame. Parce que vous savez qu&rsquo;il est pr\u00e9f\u00e9rable de savoir lire et \u00e9crire et si possible un peu plus.<\/p>\n<p>Vous investissez \u00e0 l&rsquo;aveugle. Eh bien, vous avez plus de chance de b\u00e9n\u00e9fices en participant \u00e0 ce projet de r\u00e9\u00e9criture de la constitution, qu&rsquo;en l&rsquo;ignorant.<\/p>\n<p>Il y a peu entre la constitution d&rsquo;un esprit collectif d\u00e9mocratique (pour de vrai) dans notre soci\u00e9t\u00e9, \u00e0 travers un projet comme celui que je vous invite \u00e0 prendre \u00e0 bras le corps, et l&rsquo;av\u00e8nement de cette foutue d\u00e9mocratie.<\/p>\n<p>Autrement dit le seul objectif, parfaitement r\u00e9aliste, c&rsquo;est de vous former et de prendre part aux discussions.\u00a0 Le reste d\u00e9coule de cela.<\/p>\n<h2>Le chantier est trop \u00e9norme.<\/h2>\n<p>Le chantier est \u00e9norme, oui. Mais personne n&rsquo;est cens\u00e9 le prendre en charge seul dans sa globalit\u00e9 ! En regard des risques, des probl\u00e8mes pos\u00e9s \u00e0 r\u00e9soudre, des nouveaut\u00e9s sociales \u00e0 inventer, tout ceci est bien moins compliqu\u00e9 qu&rsquo;un chantier de centrale nucl\u00e9aire.<\/p>\n<p>C&rsquo;est comme en fin de fiesta : si tous les invit\u00e9s mettent la main \u00e0 la p\u00e2te, l&rsquo;endroit sera nettoy\u00e9 en une demi-heure. Si ces salauds d&rsquo;invit\u00e9s qui ont tout d\u00e9gueulass\u00e9 se barrent en vous laissant le chantier, c&rsquo;est l&rsquo;horreur.<\/p>\n<p>Bien s\u00fbr qu&rsquo;il faut \u00eatre nombreux ! C&rsquo;est m\u00eame un peu le principe de la d\u00e9mocratie. Regarder le chantier dans sa globalit\u00e9 est donc forc\u00e9ment un peu effrayant. Tout comme visiter le chantier de construction d&rsquo;une centrale nucl\u00e9aire, ou une cha\u00eene d&rsquo;assemblage final d&rsquo;Airbus.<\/p>\n<p>Pourtant, les centrales tournent (pour l&rsquo;instant !), et les avions d\u00e9collent.<\/p>\n<p>Pour l&rsquo;avion, il doit bien avoir quelques gars zou filles qui se sont sp\u00e9cialis\u00e9s dans le clapet anti-retour des cuves des chiottes de l&rsquo;avion. Ce qui semble moins impressionnant par rapport \u00e0 ceux qui ont fait le design de l&rsquo;aile, ou d&rsquo;une entr\u00e9 d&rsquo;air de turbo-propulseur.<\/p>\n<p>Ou le pilote automatique. Et alors ? Si certains ont pris tel ou tel probl\u00e8me \u00e0 bras le corps, il est \u00e0 peu pr\u00e8s certains que les responsables des clapets de chiottes n&rsquo;ont pas les comp\u00e9tences des designers de turbo-propulseurs. Et vice-versa.<\/p>\n<p>Que diriez vous si les designers de moteurs disaient : \u00ab\u00a0Nan, mais nous on l\u00e2che l&rsquo;affaire. Les clapets de chiottes, on y conna\u00eet rien, pas plus que le design d&rsquo;aile. Le chantier est trop compliqu\u00e9.\u00a0\u00bb<\/p>\n<p>Choisissez donc le ou les sujets avec lesquels vous \u00eates \u00e0 l&rsquo;aise, et contentez vous de faire ce que vous savez faire. \u00c7a marche pour des avions, \u00e7a devrait coller pour la d\u00e9mocratie. \u00c7a marche m\u00eame pour les incendies dans la savane.<\/p>\n<h2>Les connexions avec le monde rendent l&rsquo;entreprise impossible.<\/h2>\n<p>C&rsquo;est effectivement une question complexe : Nos maitres nous ont ficel\u00e9s avec des liens qui se perdent en Europe et dans le reste du monde.<\/p>\n<p>Ils ont beau jeu de pousser des cris : apr\u00e8s avoir mont\u00e9 un ch\u00e2teau de cartes, ils nous enjoignent de ne pas le faire tomber. Sinon, c&rsquo;est le bordel.<\/p>\n<p>Eh b\u00e9 non. D&rsquo;abord, ils pr\u00e9supposent qu&rsquo;en effa\u00e7ant leurs m\u00e9faits, nous n&rsquo;aurions rien \u00e0 installer \u00e0 la place et que ce vide serai fatal.<\/p>\n<p>N&rsquo;oubliez pas que ces fameuses connexions sont r\u00e9centes, et que nous avons tr\u00e8s bien fonctionn\u00e9 sans.<\/p>\n<p>Tous ces rapports de force s&rsquo;appuient sur des dispositions qui sont prises par un tr\u00e8s petit nombre, afin d&rsquo;assurer leur prosp\u00e9rit\u00e9 exclusive. Le discours effrayant sous tendu par ce sous-titre n&rsquo;a pour but que d&#8217;emp\u00eacher de changer le syst\u00e8me.<\/p>\n<p>N&rsquo;attendez pas au profiteurs du moment qu&rsquo;ils vous encouragent. \u00ab\u00a0Allez-y les gars, mettez un syst\u00e8me plus \u00e9galitaire et mettez fin \u00e0 mes privil\u00e8ges criminels.\u00a0\u00bb. Vous allez devoir vous passer de vos papas, de votre maitres \u00e0 penser du 20h.<\/p>\n<p>Si cette question vous pr\u00e9occupe tant, reprenez en d\u00e9tail les questions pos\u00e9es : \u00e0 qui cela profite de ne pas changer ? quel est l&rsquo;int\u00e9r\u00eat de mon contradicteur ?<\/p>\n<p>Si vous restiez attach\u00e9s terroris\u00e9s par les questions des \u00ab\u00a0engagements internationaux\u00a0\u00bb, demandez vous si vous les avez voulus et sign\u00e9s en parfaite connaissance de cause. Demandez vous si elles vous profitent.<\/p>\n<p>Si non, en quoi cela pourrait-il \u00eatre pire ?<\/p>\n<h2>\u00c7a va \u00eatre trop long.<\/h2>\n<p>Oui, forc\u00e9ment !<\/p>\n<p>Sauf que nous sommes aujourd&rsquo;hui dans un contexte particulier : Nous sommes tellement dans la merde capitaliste que \u00e7a commence \u00e0 se voir. Bon nombre des m\u00e9canismes du syst\u00e8me actuel sont au bord de la rupture. Le machin craque de partout.<\/p>\n<p>Nous avons v\u00e9cu r\u00e9cemment des r\u00e9p\u00e9titions g\u00e9n\u00e9rales du grand Soir : Les derni\u00e8res crises bancaires d\u00e9montrent la b\u00eatise du syst\u00e8me. Et dire que plus haut dans cette page, je vous ai rappel\u00e9 que vous vous preniez vous m\u00eame \u00e0 tort pour un(e) idiot(e).<\/p>\n<p>Le syst\u00e8me est au bord du vide. Jusqu&rsquo;\u00e0 pr\u00e9sent, nous avons laiss\u00e9 nos maitres r\u00e9gler les probl\u00e8mes en tapant dans nos poches. C&rsquo;\u00e9tait pourtant la chute annonc\u00e9e du syst\u00e8me bancaire&#8230;.<\/p>\n<p>Il est facile pour les banquiers d&rsquo;invoquer la fin du monde pour obtenir de nous que nous leur donnions le fric qu&rsquo;ils ont cram\u00e9 avec leurs m\u0153urs financi\u00e8res obsc\u00e8nes.<\/p>\n<p>Il y a bien eu une fen\u00eatre d&rsquo;opportunit\u00e9, ferm\u00e9e par notre Pr\u00e9sident lui-m\u00eame. Une s\u00e9paration absolue des activit\u00e9s de d\u00e9p\u00f4t et de banque commerciale, des autres activit\u00e9s de casino financiers aurait permis de livrer la finance \u00e0 elle m\u00eame.<\/p>\n<p>Donc, ce coup l\u00e0 est foir\u00e9.<\/p>\n<p>Qui vous dit que cela ne va pas se repr\u00e9senter bient\u00f4t ?<\/p>\n<p>Ce jour l\u00e0, nous b\u00e9n\u00e9ficierons d&rsquo;une fen\u00eatre d&rsquo;opportunit\u00e9, avec laquelle nous pourrions exprimer concr\u00e8tement notre opposition au syst\u00e8me <a title=\"Oligarchie\" href=\"http:\/\/fr.wikipedia.org\/wiki\/Oligarchie\" target=\"_blank\">oligarchique<\/a>.<\/p>\n<p>Encore faudrait-il que nous ayons un ou des projets sous le coude, et une audience suffisamment large.<\/p>\n<p>Donc, non, \u00e7a va pas \u00eatre trop long. \u00c7a le restera si nous ne sommes pas pr\u00eats.<\/p>\n<p>Ne perdez pas de temps, et supposez plut\u00f4t que \u00e7a va \u00eatre trop court !<\/p>\n<h2>Il n&rsquo;est pas possible de changer la constitution.<\/h2>\n<p>En l&rsquo;\u00e9tat, la constitution est sous la garde de l&rsquo;<a title=\"Oligarchie\" href=\"http:\/\/fr.wikipedia.org\/wiki\/Oligarchie\" target=\"_blank\">oligarchie<\/a>, qui en est tr\u00e8s contente.<\/p>\n<p>Il est possible de changer la constitution si nous sommes dix millions dans la rue. Pas 50 000 entre Bastille et Nation.<\/p>\n<p>Mais au del\u00e0 du d\u00e9compte, c&rsquo;est la prise de conscience que nous pouvons renvoyer nos \u00ab\u00a0papas\u00a0\u00bb politiques \u00e0 leurs loisirs (ils en ont !).<\/p>\n<p>Si des millions de fran\u00e7ais comprennent l&rsquo;int\u00e9r\u00eat de la venue d&rsquo;un syst\u00e8me d\u00e9mocratique, alors un solide vote blanc, \u00e0 la premi\u00e8re occasion sera le coup de semonce.<\/p>\n<p><strong>Cet article est \u00e9crit fin Ao\u00fbt 2013. Parions sur un vote blanc massif (aller au bureau de vote, mettre un bulletin blanc dans l&rsquo;urne, pas dodo !) aux prochaines communales.<\/strong><\/p>\n<p><strong>Un truc du genre : pr\u00e9parer un bulletin blanc aux bonnes dimensions, et y appliquer une marque simple. Un rond, un triangle, peu importe.<\/strong><\/p>\n<p><strong>Soyons des milliers \u00e0 nous passer le message !<\/strong><\/p>\n<p>Vous ne voterez pas pour moi, mais pour une nouvelle constitution. Cela r\u00e9serve vos id\u00e9es pour les discussions, et ne vous oblige pas \u00e0 cautionner les id\u00e9es de l&rsquo;un ou de l&rsquo;autre.<\/p>\n<p>Vous signifierez juste que vous voulez voir na\u00eetre un syst\u00e8me politique d\u00e9mocratique. S&rsquo;il l&rsquo;est vraiment, vous pourrez dire ce que vous avez \u00e0 dire !<\/p>\n<h2>Quoi que je fasse, mon action sera d\u00e9risoire.<\/h2>\n<p>Pauvre de vous ! Vous renoncez \u00e0 exercer vos \u00ab\u00a0droits de l&rsquo;homme\u00a0\u00bb.<\/p>\n<p>Vous renoncez et ce faisant vous signez votre esclavage.<\/p>\n<p>Vous trouvez moins d\u00e9risoire d&rsquo;aller manifester pour de belles id\u00e9es, mais sans aucun espoir concret.<\/p>\n<p>Vous ne trouvez pas d\u00e9risoire de d\u00e9signer vos maitres qui n&rsquo;ont rien \u00e0 foutre de votre mis\u00e9rable existence.<\/p>\n<p>Vous \u00eates atteint par le syndrome de Stockholm ! Vous en venez \u00e0 aimer vos tortionnaires, \u00e0 les d\u00e9fendre !<\/p>\n<p><a title=\"Etienne Chouard\" href=\"https:\/\/www.vuncf.org\/?page_id=880\">Ce qui est d\u00e9risoire, c&rsquo;est de croire que le droit de vote aujourd&rsquo;hui vous fait vivre en d\u00e9mocratie<\/a>. D\u00e9mocratie dont vous vous rengorgez.<\/p>\n<p>Votre action ne sera plus d\u00e9risoire, d\u00e8s lors que vous vous \u00e9l\u00e8verez avec quelques apprentissages, et que vous accomplirez ce qui est \u00e0 port\u00e9 de votre bras.<\/p>\n<p>30 millions d&rsquo;actions d\u00e9risoires, \u00e7a envoie du bois !<\/p>\n<p>Si vous avez bien lu, notre devise est \u00ab\u00a0libert\u00e9, \u00e9galit\u00e9, fraternit\u00e9\u00a0\u00bb. Il ne vous reste plus qu&rsquo;\u00e0 vous convaincre que nos maitres devraient \u00eatre nos \u00e9gaux, et que la r\u00e9\u00e9criture de la constitution vise \u00e0 mettre enfin en pratique ce slogan.<\/p>\n<p>Ce slogan est aujourd&rsquo;hui une vaste fumisterie.<\/p>\n<p>Allez, commencez donc : En quoi ceci est une vaste trucmachin ?<\/p>\n","protected":false},"excerpt":{"rendered":"<p>Ce site vous invite \u00e0 participer \u00e0 une transformation profonde de notre soci\u00e9t\u00e9. Comment raccorder votre vie \u00e0 un tel mouvement ? Parcourons ensemble quelques objections, regardons ensemble les questions que cela pose. Je n&rsquo;y connais rien. Et alors ? Nos repr\u00e9sentants non plus. Si vous pensez \u00e0 \u00ab\u00a0connaitre\u00a0\u00bb tous les tenants et aboutissants de [&hellip;]<\/p>\n","protected":false},"author":1,"featured_media":0,"parent":0,"menu_order":0,"comment_status":"open","ping_status":"closed","template":"","meta":{"footnotes":""},"class_list":["post-1329","page","type-page","status-publish","hentry"],"_links":{"self":[{"href":"https:\/\/www.vuncf.org\/index.php?rest_route=\/wp\/v2\/pages\/1329","targetHints":{"allow":["GET"]}}],"collection":[{"href":"https:\/\/www.vuncf.org\/index.php?rest_route=\/wp\/v2\/pages"}],"about":[{"href":"https:\/\/www.vuncf.org\/index.php?rest_route=\/wp\/v2\/types\/page"}],"author":[{"embeddable":true,"href":"https:\/\/www.vuncf.org\/index.php?rest_route=\/wp\/v2\/users\/1"}],"replies":[{"embeddable":true,"href":"https:\/\/www.vuncf.org\/index.php?rest_route=%2Fwp%2Fv2%2Fcomments&post=1329"}],"version-history":[{"count":11,"href":"https:\/\/www.vuncf.org\/index.php?rest_route=\/wp\/v2\/pages\/1329\/revisions"}],"predecessor-version":[{"id":1486,"href":"https:\/\/www.vuncf.org\/index.php?rest_route=\/wp\/v2\/pages\/1329\/revisions\/1486"}],"wp:attachment":[{"href":"https:\/\/www.vuncf.org\/index.php?rest_route=%2Fwp%2Fv2%2Fmedia&parent=1329"}],"curies":[{"name":"wp","href":"https:\/\/api.w.org\/{rel}","templated":true}]}}