{"id":1319,"date":"2013-08-23T09:24:07","date_gmt":"2013-08-23T07:24:07","guid":{"rendered":"http:\/\/www.vuncf.org\/?page_id=1319"},"modified":"2014-11-22T13:48:11","modified_gmt":"2014-11-22T12:48:11","slug":"art-55","status":"publish","type":"page","link":"https:\/\/www.vuncf.org\/?page_id=1319","title":{"rendered":"Art 55 Trait\u00e9s 1, Lois 0"},"content":{"rendered":"<p style=\"text-align: left;\" align=\"center\"><em>Article\u00a055<\/em><\/p>\n<blockquote><p><em>\u00ab\u00a0Les trait\u00e9s ou accords r\u00e9guli\u00e8rement ratifi\u00e9s ou approuv\u00e9s ont, d\u00e8s leur publication, une autorit\u00e9 sup\u00e9rieure \u00e0 celle des lois, sous r\u00e9serve, pour chaque accord ou trait\u00e9, de son application par l\u2019autre partie.\u00a0\u00bb<\/em><\/p><\/blockquote>\n<p style=\"text-align: left;\">\n<p style=\"text-align: left;\">R\u00e9sum\u00e9 du 53 : un trait\u00e9 ou accord international doit faire l&rsquo;objet d&rsquo;une approbation par la loi. C&rsquo;est d\u00e9j\u00e0 discutable. Voir cet article.<\/p>\n<p style=\"text-align: left;\">Quand \u00e0 l&rsquo;autorit\u00e9 d&rsquo;un trait\u00e9 plac\u00e9 au dessus des lois&#8230;.<\/p>\n<p style=\"text-align: left;\">Un trait\u00e9 non ratifi\u00e9 par le peuple, mais par 300 et quelques gugus, tous inf\u00e9od\u00e9s \u00e0 un parti, lui-m\u00eame inf\u00e9od\u00e9 \u00e0 ses financeurs et aux propri\u00e9taires des m\u00e9dias, qui sont ses financeurs.<\/p>\n<p style=\"text-align: left;\">On aurait pu dire : aucun trait\u00e9 ne peut \u00eatre ratifi\u00e9 sans qu&rsquo;un r\u00e9f\u00e9rendum soumette l&rsquo;int\u00e9gralit\u00e9 des lois impact\u00e9es ou cr\u00e9\u00e9es \u00e0 l&rsquo;approbation de tous les fran\u00e7ais.<\/p>\n<p style=\"text-align: left;\">\u00c7a aurait \u00e9t\u00e9 la d\u00e9mocratie, et la France ne saurait l&rsquo;\u00eatre (citation de Sieyes, un des constituants de 1789).<\/p>\n<p style=\"text-align: left;\">Effectivement.<\/p>\n","protected":false},"excerpt":{"rendered":"<p>Article\u00a055 \u00ab\u00a0Les trait\u00e9s ou accords r\u00e9guli\u00e8rement ratifi\u00e9s ou approuv\u00e9s ont, d\u00e8s leur publication, une autorit\u00e9 sup\u00e9rieure \u00e0 celle des lois, sous r\u00e9serve, pour chaque accord ou trait\u00e9, de son application par l\u2019autre partie.\u00a0\u00bb R\u00e9sum\u00e9 du 53 : un trait\u00e9 ou accord international doit faire l&rsquo;objet d&rsquo;une approbation par la loi. C&rsquo;est d\u00e9j\u00e0 discutable. Voir cet [&hellip;]<\/p>\n","protected":false},"author":1,"featured_media":0,"parent":0,"menu_order":0,"comment_status":"open","ping_status":"closed","template":"","meta":{"footnotes":""},"class_list":["post-1319","page","type-page","status-publish","hentry"],"_links":{"self":[{"href":"https:\/\/www.vuncf.org\/index.php?rest_route=\/wp\/v2\/pages\/1319","targetHints":{"allow":["GET"]}}],"collection":[{"href":"https:\/\/www.vuncf.org\/index.php?rest_route=\/wp\/v2\/pages"}],"about":[{"href":"https:\/\/www.vuncf.org\/index.php?rest_route=\/wp\/v2\/types\/page"}],"author":[{"embeddable":true,"href":"https:\/\/www.vuncf.org\/index.php?rest_route=\/wp\/v2\/users\/1"}],"replies":[{"embeddable":true,"href":"https:\/\/www.vuncf.org\/index.php?rest_route=%2Fwp%2Fv2%2Fcomments&post=1319"}],"version-history":[{"count":4,"href":"https:\/\/www.vuncf.org\/index.php?rest_route=\/wp\/v2\/pages\/1319\/revisions"}],"predecessor-version":[{"id":2749,"href":"https:\/\/www.vuncf.org\/index.php?rest_route=\/wp\/v2\/pages\/1319\/revisions\/2749"}],"wp:attachment":[{"href":"https:\/\/www.vuncf.org\/index.php?rest_route=%2Fwp%2Fv2%2Fmedia&parent=1319"}],"curies":[{"name":"wp","href":"https:\/\/api.w.org\/{rel}","templated":true}]}}