{"id":1303,"date":"2013-08-23T07:40:48","date_gmt":"2013-08-23T05:40:48","guid":{"rendered":"http:\/\/www.vuncf.org\/?page_id=1303"},"modified":"2014-11-22T13:40:37","modified_gmt":"2014-11-22T12:40:37","slug":"art-47-1-le-braquage-de-la-secu","status":"publish","type":"page","link":"https:\/\/www.vuncf.org\/?page_id=1303","title":{"rendered":"Art 47-1 Le braquage de la s\u00e9cu"},"content":{"rendered":"<p style=\"text-align: left;\" align=\"center\"><em>Article 47-1\u00a0 de la constitution actuelle<\/em><\/p>\n<blockquote><p><em>\u00ab\u00a0Le Parlement vote les projets de loi de financement de la s\u00e9curit\u00e9 sociale dans les conditions pr\u00e9vues par une loi organique.<\/em><\/p>\n<p><em>Si l\u2019Assembl\u00e9e nationale ne s\u2019est pas prononc\u00e9e en premi\u00e8re lecture dans le d\u00e9lai de vingt jours apr\u00e8s le d\u00e9p\u00f4t d\u2019un projet, le Gouvernement saisit le S\u00e9nat qui doit statuer dans un d\u00e9lai de quinze jours. Il est ensuite proc\u00e9d\u00e9 dans les conditions pr\u00e9vues \u00e0 l\u2019article\u00a045.<\/em><\/p>\n<p><em>Si le Parlement ne s\u2019est pas prononc\u00e9 dans un d\u00e9lai de cinquante jours, les dispositions du projet peuvent \u00eatre mises en \u0153uvre par ordonnance.<\/em><\/p>\n<p><em>Les d\u00e9lais pr\u00e9vus au pr\u00e9sent article sont suspendus lorsque le Parlement n\u2019est pas en session et, pour chaque assembl\u00e9e, au cours des semaines o\u00f9 elle a d\u00e9cid\u00e9 de ne pas tenir s\u00e9ance, conform\u00e9ment au deuxi\u00e8me alin\u00e9a de l\u2019article\u00a028.\u00a0\u00bb<\/em><\/p><\/blockquote>\n<p>&nbsp;<\/p>\n<p>La s\u00e9cu est une innovation du Conseil National de la R\u00e9sistance en 1945.<\/p>\n<p>Ce conseil, b\u00eate rouge immonde pour le patronat fran\u00e7ais, doit absolument \u00eatre d\u00e9truit dans ses \u0153uvres sociales, en tant qu&rsquo;elles gr\u00e8vent les retours sur investissements.<\/p>\n<p>La s\u00e9cu est au d\u00e9part une assurance unique contre tous les al\u00e9as de la vie. Maladie, d\u00e9c\u00e8s, ch\u00f4mage, ongles incarn\u00e9s, sortie d&rsquo;un livre de BHL. Une ligne sur la fiche de paye. C&rsquo;est une \u0153uvre sociale de type \u00ab\u00a0mutuelle\u00a0\u00bb. C&rsquo;est g\u00e9r\u00e9 au d\u00e9part par des commissions paritaires employ\u00e9s\/patronat. L&rsquo;\u00e9tat n&rsquo;a rien \u00e0 y foutre.<\/p>\n<p>Mais depuis ce temps, par l&rsquo;entremise de ses sbires \u00e9lus, le patronat n&rsquo;a de cesse de mettre le syst\u00e8me par terre. Comme on ne peut pas d\u00e9cemment appeler cela une <strong>r\u00e9gression<\/strong>, un <strong>retour en arri\u00e8re vers la pr\u00e9histoire<\/strong>, alors on appelle cela une <strong>r\u00e9forme<\/strong>.<\/p>\n<p>Il parait qu&rsquo;une <strong>r\u00e9forme<\/strong> est plus douce au fion. Ce qui est vrai en un sens.<\/p>\n<p>Donc, le gouvernement, qui existe par la gr\u00e2ce des financeurs du parti choisi pour dominer les autres par les maitres de l&rsquo;audimat (Bouygues et ses coll\u00e8gues) , a piqu\u00e9 la gestion de la s\u00e9cu.<\/p>\n<p>Il aura suffit de bloquer un indice l\u00e0, de r\u00e9affecter des ressources ici, pour mettre le syst\u00e8me en difficult\u00e9. Puis pour s&rsquo;avancer en sauveur et rafler autoritairement le pouvoir.<\/p>\n<p>Au 19eme si\u00e8cle, les ouvriers en gr\u00e8ve jetaient leur sabot dans les machines pour les bloquer. On appelait cela des \u00ab\u00a0sabotages\u00a0\u00bb.<\/p>\n<p>Le patronat, d\u00e9j\u00e0 pr\u00e9sent dans la gestion des caisses de s\u00e9cu, mais totalement maitre des h\u00e9micycles, n&rsquo;a plus eu qu&rsquo;\u00e0 balancer ses vieux clubs de golf dans la machine s\u00e9cu pour la bloquer.<\/p>\n<p>Ce qui a admirablement march\u00e9 pour les retraites : blocage du point d&rsquo;indice par Jospin, donc sous-financement, donc d\u00e9ficit, donc d\u00e9claration de d\u00e9c\u00e8s par le patronat qui ne veut pas payer, donc qui veut r\u00e9duire les salaires, car la retraite est un salaire indirect. Et ouverture d&rsquo;un nouveau march\u00e9 forc\u00e9 et captif : les fonds de pensions priv\u00e9s. Rhaa lovely.<\/p>\n<p>L&rsquo;article 47-1 est un rajouti, comme le -1 l&rsquo;indique.<\/p>\n<p>Donc le gouvernement peut mettre en \u0153uvre par ordonnances ses \u00e9lucubrations sur la s\u00e9cu, si le parlement rechigne. Ind\u00e9pendance du l\u00e9gislatif et de l\u2019ex\u00e9cutif mon cul. Les patrons pratiquent le \u00ab\u00a0club-de-golfage\u00a0\u00bb.<\/p>\n","protected":false},"excerpt":{"rendered":"<p>Article 47-1\u00a0 de la constitution actuelle \u00ab\u00a0Le Parlement vote les projets de loi de financement de la s\u00e9curit\u00e9 sociale dans les conditions pr\u00e9vues par une loi organique. Si l\u2019Assembl\u00e9e nationale ne s\u2019est pas prononc\u00e9e en premi\u00e8re lecture dans le d\u00e9lai de vingt jours apr\u00e8s le d\u00e9p\u00f4t d\u2019un projet, le Gouvernement saisit le S\u00e9nat qui doit [&hellip;]<\/p>\n","protected":false},"author":1,"featured_media":0,"parent":0,"menu_order":0,"comment_status":"open","ping_status":"closed","template":"","meta":{"footnotes":""},"class_list":["post-1303","page","type-page","status-publish","hentry"],"_links":{"self":[{"href":"https:\/\/www.vuncf.org\/index.php?rest_route=\/wp\/v2\/pages\/1303","targetHints":{"allow":["GET"]}}],"collection":[{"href":"https:\/\/www.vuncf.org\/index.php?rest_route=\/wp\/v2\/pages"}],"about":[{"href":"https:\/\/www.vuncf.org\/index.php?rest_route=\/wp\/v2\/types\/page"}],"author":[{"embeddable":true,"href":"https:\/\/www.vuncf.org\/index.php?rest_route=\/wp\/v2\/users\/1"}],"replies":[{"embeddable":true,"href":"https:\/\/www.vuncf.org\/index.php?rest_route=%2Fwp%2Fv2%2Fcomments&post=1303"}],"version-history":[{"count":6,"href":"https:\/\/www.vuncf.org\/index.php?rest_route=\/wp\/v2\/pages\/1303\/revisions"}],"predecessor-version":[{"id":2741,"href":"https:\/\/www.vuncf.org\/index.php?rest_route=\/wp\/v2\/pages\/1303\/revisions\/2741"}],"wp:attachment":[{"href":"https:\/\/www.vuncf.org\/index.php?rest_route=%2Fwp%2Fv2%2Fmedia&parent=1303"}],"curies":[{"name":"wp","href":"https:\/\/api.w.org\/{rel}","templated":true}]}}